{"id":117,"date":"2025-10-17T13:51:22","date_gmt":"2025-10-17T11:51:22","guid":{"rendered":"http:\/\/grupos.unican.es\/ahir\/?page_id=117"},"modified":"2025-10-17T13:51:22","modified_gmt":"2025-10-17T11:51:22","slug":"117-2","status":"publish","type":"page","link":"https:\/\/grupos.unican.es\/ahir\/proyectos-de-investigacion\/117-2\/","title":{"rendered":""},"content":{"rendered":"<h5 style=\"text-align: justify;\"><strong><span style=\"color: #008080;\">El auge de la intolerancia en el mundo mediterr\u00e1neo: explorando los or\u00edgenes del conflicto religioso (siglos II-VI D.C.) (HAR2015-66453-R) (MINECO\/FEDER, UE)<\/span><\/strong><\/h5>\n<h5>Investigador principal:<\/h5>\n<p>Mar Marcos<\/p>\n<h5>Entidad financiadora:<\/h5>\n<p>Ministerio de Econom\u00eda y Competitividad. Programa Estatal de Fomento de la Investigaci\u00f3n Cient\u00edfica, Desarrollo e innovaci\u00f3n orientada a los Retos de la Sociedad.<\/p>\n<p><strong>Otros investigadores<\/strong>:<\/p>\n<p><strong>Duraci\u00f3n<\/strong>:\u00a0desde 01\/01\/2016 hasta 31\/12\/2019.<\/p>\n","protected":false},"excerpt":{"rendered":"<p>El auge de la intolerancia en el mundo mediterr\u00e1neo: explorando los or\u00edgenes del conflicto religioso (siglos II-VI D.C.) (HAR2015-66453-R) (MINECO\/FEDER, UE) Investigador principal: Mar Marcos Entidad financiadora: Ministerio de Econom\u00eda y Competitividad. Programa Estatal de Fomento de la Investigaci\u00f3n Cient\u00edfica, Desarrollo e innovaci\u00f3n orientada a los Retos de la Sociedad. Otros investigadores: Duraci\u00f3n:\u00a0desde 01\/01\/2016 hasta &hellip; <a href=\"https:\/\/grupos.unican.es\/ahir\/proyectos-de-investigacion\/117-2\/\" class=\"more-link\">Continuar leyendo<span class=\"screen-reader-text\"> \u00ab\u00bb<\/span><\/a><\/p>\n","protected":false},"author":1,"featured_media":0,"parent":18,"menu_order":0,"comment_status":"closed","ping_status":"closed","template":"","meta":{"footnotes":""},"class_list":["post-117","page","type-page","status-publish","hentry"],"_links":{"self":[{"href":"https:\/\/grupos.unican.es\/ahir\/wp-json\/wp\/v2\/pages\/117","targetHints":{"allow":["GET"]}}],"collection":[{"href":"https:\/\/grupos.unican.es\/ahir\/wp-json\/wp\/v2\/pages"}],"about":[{"href":"https:\/\/grupos.unican.es\/ahir\/wp-json\/wp\/v2\/types\/page"}],"author":[{"embeddable":true,"href":"https:\/\/grupos.unican.es\/ahir\/wp-json\/wp\/v2\/users\/1"}],"replies":[{"embeddable":true,"href":"https:\/\/grupos.unican.es\/ahir\/wp-json\/wp\/v2\/comments?post=117"}],"version-history":[{"count":2,"href":"https:\/\/grupos.unican.es\/ahir\/wp-json\/wp\/v2\/pages\/117\/revisions"}],"predecessor-version":[{"id":126,"href":"https:\/\/grupos.unican.es\/ahir\/wp-json\/wp\/v2\/pages\/117\/revisions\/126"}],"up":[{"embeddable":true,"href":"https:\/\/grupos.unican.es\/ahir\/wp-json\/wp\/v2\/pages\/18"}],"wp:attachment":[{"href":"https:\/\/grupos.unican.es\/ahir\/wp-json\/wp\/v2\/media?parent=117"}],"curies":[{"name":"wp","href":"https:\/\/api.w.org\/{rel}","templated":true}]}}

<h5 style="text-align: justify;"><strong><span style="color: #008080;">El auge de la intolerancia en el mundo mediterráneo: explorando los orígenes del conflicto religioso (siglos II-VI D.C.) (HAR2015-66453-R) (MINECO/FEDER, UE)</span></strong></h5>
<h5>Investigador principal:</h5>
<p>Mar Marcos</p>
<h5>Entidad financiadora:</h5>
<p>Ministerio de Economía y Competitividad. Programa Estatal de Fomento de la Investigación Científica, Desarrollo e innovación orientada a los Retos de la Sociedad.</p>
<p><strong>Otros investigadores</strong>:</p>
<p><strong>Duración</strong>: desde 01/01/2016 hasta 31/12/2019.</p>

<p>El auge de la intolerancia en el mundo mediterráneo: explorando los orígenes del conflicto religioso (siglos II-VI D.C.) (HAR2015-66453-R) (MINECO/FEDER, UE) Investigador principal: Mar Marcos Entidad financiadora: Ministerio de Economía y Competitividad. Programa Estatal de Fomento de la Investigación Científica, Desarrollo e innovación orientada a los Retos de la Sociedad. Otros investigadores: Duración: desde 01/01/2016 hasta &hellip; <a href="https://grupos.unican.es/ahir/proyectos-de-investigacion/117-2/" class="more-link">Continuar leyendo<span class="screen-reader-text"> «»</span></a></p>
