{"id":147,"date":"2025-10-17T13:51:19","date_gmt":"2025-10-17T11:51:19","guid":{"rendered":"http:\/\/grupos.unican.es\/ahir\/?page_id=147"},"modified":"2025-10-17T13:51:19","modified_gmt":"2025-10-17T11:51:19","slug":"poster-pinturas-de-camesa-rebolledo","status":"publish","type":"page","link":"https:\/\/grupos.unican.es\/ahir\/poster-pinturas-de-camesa-rebolledo\/","title":{"rendered":"P\u00f3ster Un conjunto de pinturas procedentes del yacimiento de Camesa-Rebolledo"},"content":{"rendered":"<p style=\"text-align: justify;\">Juan Jos\u00e9 Cepeda y Carolina Cort\u00e9s han participado en el XXIX Colloque de l&#8217;Association Fran\u00e7aise pour la Peinture Murale Antique (AFPMA) que ha tenido lugar en Louvres (Val d&#8217;Oise, Francia) los d\u00edas 18 y 19 de noviembre del 2016. Han presentado un primer estudio del conjunto de pinturas hallado en las \u00faltimas campa\u00f1as en el sector de La Cueva del yacimiento de Camesa Rebolledo (Cantabria).<\/p>\n<p>En el siguiente enlace se puede consultar el p\u00f3ster: \u00a0<a href=\"https:\/\/grupos.unican.es\/ahir\/wp-content\/uploads\/2016\/11\/POSTER_Louvres_Final.pdf\">p\u00f3ster\u00a0pinturas Camesa<\/a><\/p>\n<p><img loading=\"lazy\" decoding=\"async\" class=\"alignleft size-thumbnail wp-image-178\" src=\"https:\/\/grupos.unican.es\/ahir\/wp-content\/uploads\/2016\/11\/15000262_904707619659457_7879372714880759264_o-150x150.jpg\" alt=\"15000262_904707619659457_7879372714880759264_o\" width=\"150\" height=\"150\" \/><\/p>\n<p>&nbsp;<\/p>\n<p><img loading=\"lazy\" decoding=\"async\" class=\"alignleft size-thumbnail wp-image-179\" src=\"https:\/\/grupos.unican.es\/ahir\/wp-content\/uploads\/2016\/11\/15039640_904707639659455_6069999831968245105_o-150x150.jpg\" alt=\"15039640_904707639659455_6069999831968245105_o\" width=\"150\" height=\"150\" \/> <img loading=\"lazy\" decoding=\"async\" class=\"alignleft size-thumbnail wp-image-177\" src=\"https:\/\/grupos.unican.es\/ahir\/wp-content\/uploads\/2016\/11\/15000257_904707672992785_4160967587928849745_o-150x150.jpg\" alt=\"15000257_904707672992785_4160967587928849745_o\" width=\"150\" height=\"150\" \/><\/p>\n","protected":false},"excerpt":{"rendered":"<p>Juan Jos\u00e9 Cepeda y Carolina Cort\u00e9s han participado en el XXIX Colloque de l&#8217;Association Fran\u00e7aise pour la Peinture Murale Antique (AFPMA) que ha tenido lugar en Louvres (Val d&#8217;Oise, Francia) los d\u00edas 18 y 19 de noviembre del 2016. Han presentado un primer estudio del conjunto de pinturas hallado en las \u00faltimas campa\u00f1as en el &hellip; <a href=\"https:\/\/grupos.unican.es\/ahir\/poster-pinturas-de-camesa-rebolledo\/\" class=\"more-link\">Continuar leyendo<span class=\"screen-reader-text\"> \u00abP\u00f3ster Un conjunto de pinturas procedentes del yacimiento de Camesa-Rebolledo\u00bb<\/span><\/a><\/p>\n","protected":false},"author":1,"featured_media":0,"parent":0,"menu_order":0,"comment_status":"closed","ping_status":"closed","template":"","meta":{"footnotes":""},"class_list":["post-147","page","type-page","status-publish","hentry"],"_links":{"self":[{"href":"https:\/\/grupos.unican.es\/ahir\/wp-json\/wp\/v2\/pages\/147","targetHints":{"allow":["GET"]}}],"collection":[{"href":"https:\/\/grupos.unican.es\/ahir\/wp-json\/wp\/v2\/pages"}],"about":[{"href":"https:\/\/grupos.unican.es\/ahir\/wp-json\/wp\/v2\/types\/page"}],"author":[{"embeddable":true,"href":"https:\/\/grupos.unican.es\/ahir\/wp-json\/wp\/v2\/users\/1"}],"replies":[{"embeddable":true,"href":"https:\/\/grupos.unican.es\/ahir\/wp-json\/wp\/v2\/comments?post=147"}],"version-history":[{"count":10,"href":"https:\/\/grupos.unican.es\/ahir\/wp-json\/wp\/v2\/pages\/147\/revisions"}],"predecessor-version":[{"id":191,"href":"https:\/\/grupos.unican.es\/ahir\/wp-json\/wp\/v2\/pages\/147\/revisions\/191"}],"wp:attachment":[{"href":"https:\/\/grupos.unican.es\/ahir\/wp-json\/wp\/v2\/media?parent=147"}],"curies":[{"name":"wp","href":"https:\/\/api.w.org\/{rel}","templated":true}]}}

Póster Un conjunto de pinturas procedentes del yacimiento de Camesa-Rebolledo

<p style="text-align: justify;">Juan José Cepeda y Carolina Cortés han participado en el XXIX Colloque de l&#8217;Association Française pour la Peinture Murale Antique (AFPMA) que ha tenido lugar en Louvres (Val d&#8217;Oise, Francia) los días 18 y 19 de noviembre del 2016. Han presentado un primer estudio del conjunto de pinturas hallado en las últimas campañas en el sector de La Cueva del yacimiento de Camesa Rebolledo (Cantabria).</p>
<p>En el siguiente enlace se puede consultar el póster:  <a href="https://grupos.unican.es/ahir/wp-content/uploads/2016/11/POSTER_Louvres_Final.pdf">póster pinturas Camesa</a></p>
<p><img loading="lazy" decoding="async" class="alignleft size-thumbnail wp-image-178" src="https://grupos.unican.es/ahir/wp-content/uploads/2016/11/15000262_904707619659457_7879372714880759264_o-150x150.jpg" alt="15000262_904707619659457_7879372714880759264_o" width="150" height="150" /></p>
<p>&nbsp;</p>
<p><img loading="lazy" decoding="async" class="alignleft size-thumbnail wp-image-179" src="https://grupos.unican.es/ahir/wp-content/uploads/2016/11/15039640_904707639659455_6069999831968245105_o-150x150.jpg" alt="15039640_904707639659455_6069999831968245105_o" width="150" height="150" /> <img loading="lazy" decoding="async" class="alignleft size-thumbnail wp-image-177" src="https://grupos.unican.es/ahir/wp-content/uploads/2016/11/15000257_904707672992785_4160967587928849745_o-150x150.jpg" alt="15000257_904707672992785_4160967587928849745_o" width="150" height="150" /></p>

<p>Juan José Cepeda y Carolina Cortés han participado en el XXIX Colloque de l&#8217;Association Française pour la Peinture Murale Antique (AFPMA) que ha tenido lugar en Louvres (Val d&#8217;Oise, Francia) los días 18 y 19 de noviembre del 2016. Han presentado un primer estudio del conjunto de pinturas hallado en las últimas campañas en el &hellip; <a href="https://grupos.unican.es/ahir/poster-pinturas-de-camesa-rebolledo/" class="more-link">Continuar leyendo<span class="screen-reader-text"> «Póster Un conjunto de pinturas procedentes del yacimiento de Camesa-Rebolledo»</span></a></p>
