{"id":18,"date":"2025-10-17T13:51:19","date_gmt":"2025-10-17T11:51:19","guid":{"rendered":"http:\/\/grupos.unican.es\/ahir\/?page_id=18"},"modified":"2025-10-17T13:51:57","modified_gmt":"2025-10-17T11:51:57","slug":"proyectos-de-investigacion","status":"publish","type":"page","link":"https:\/\/grupos.unican.es\/ahir\/proyectos-de-investigacion\/","title":{"rendered":"Proyectos de investigaci\u00f3n"},"content":{"rendered":"\n<div class=\"wp-block-group\"><div class=\"wp-block-group__inner-container is-layout-constrained wp-block-group-is-layout-constrained\">\n<h5><span style=\"color: #008080;\">2024<\/span><\/h5>\n<h6><a href=\"https:\/\/web.unican.es\/portal-investigador\/proyectos\/detalle-proyecto?pi=113661\">SEDITIO IN URBE: DISENSI\u00d3N RELIGIOSA Y ORDEN SOCIAL EN LA ANTIG\u00dcEDAD TARD\u00cdA (SS. IV-VI d.C.) (Proyecto PID2023-146594NB-I00 financiado por MICIU\/AEI\/10.13039\/501100011033 y por FEDER, UE)<\/a><\/h6>\n<p>Investigadoras Principales: Mar Marcos y Juana Torres<\/p>\n<h6 class=\"_xlargeNopadding\"><a id=\"ctl00_ctl44_g_2045050c_4478_4888_9e97_bb6b1936cdbd_rptProyectos_ctl03_hlTitulo\" href=\"https:\/\/grupos.unican.es\/ahir\/483-2\/\" target=\"_blank\" rel=\"noopener\">PAISAJE HISTORICO EN CAMPOO-LOS VALLES &#8211; 2024<\/a><\/h6>\n<p>Investigador Principal: Juan Jos\u00e9 Cepeda Ocampo<\/p>\n<p>Entidad financiadora: Gobierno de Cantabria (Consejer\u00eda de Cultura, Turismo y Deporte).<\/p>\n<h5><span style=\"color: #008080;\">2023<\/span><\/h5>\n<h6 class=\"_xlargeNopadding\"><a id=\"ctl00_ctl44_g_2045050c_4478_4888_9e97_bb6b1936cdbd_rptProyectos_ctl02_hlTitulo\" href=\"https:\/\/web.unican.es\/portal-investigador\/proyectos\/detalle-proyecto?pi=113154\" target=\"_blank\" rel=\"noopener\">RED DE RELIGIONES Y CULTOS DE LA ANTIG\u00dcEDAD.<\/a><\/h6>\n<p>Investigadora Principal: Mar Marcos<\/p>\n<p class=\"_xlargeNopadding\">Ayuda RED2022-134137-T financiada por MCIN\/AEI \/ 10.13039\/501100011033<\/p>\n<h6 class=\"_xlargeNopadding\"><a id=\"ctl00_ctl44_g_2045050c_4478_4888_9e97_bb6b1936cdbd_rptProyectos_ctl03_hlTitulo\" href=\"https:\/\/grupos.unican.es\/ahir\/444-2\/\" target=\"_blank\" rel=\"noopener\">PAISAJE HISTORICO EN CAMPOO-LOS VALLES &#8211; 2023<\/a><\/h6>\n<p>Investigador Principal: Juan Jos\u00e9 Cepeda Ocampo<\/p>\n<p>Entidad financiadora: Gobierno de Cantabria (Consejer\u00eda de Cultura, Turismo y Deporte).<\/p>\n<h5><span style=\"color: #008080;\">2022<\/span><\/h5>\n<h6 class=\"_xlargeNopadding\"><a id=\"ctl00_ctl44_g_2045050c_4478_4888_9e97_bb6b1936cdbd_rptProyectos_ctl05_hlTitulo\" href=\"https:\/\/web.unican.es\/portal-investigador\/proyectos\/detalle-proyecto?pi=112800\" target=\"_blank\" rel=\"noopener\">ESTUDIO SOBRE LOS CAMINOS Y CIUDADES DE CANTABRIA DE LA ANTIG\u00dcEDAD A LA ALTA EDAD MEDIA<\/a><\/h6>\n<p>Investigadora Principal: Alicia Ruiz Guti\u00e9rrez<\/p>\n<p class=\"_xlargeNopadding\">Entidad financiadora: Fundaci\u00f3n Camino Lebaniego<\/p>\n<h6 class=\"_xlargeNopadding\"><a id=\"ctl00_ctl44_g_2045050c_4478_4888_9e97_bb6b1936cdbd_rptProyectos_ctl08_hlTitulo\" href=\"https:\/\/web.unican.es\/portal-investigador\/proyectos\/detalle-proyecto?pi=112432\" target=\"_blank\" rel=\"noopener\">PAISAJE HISTORICO CAMPOO-LOS VALLES &#8211; 2022<\/a><\/h6>\n<p>Investigador Principal: Juan Jos\u00e9 Cepeda Ocampo<\/p>\n<p>Entidad financiadora: Gobierno de Cantabria (Consejer\u00eda de Educaci\u00f3n, Formaci\u00f3n profesrional y Universidades).<\/p>\n<h5><span style=\"color: #008080;\">2021<\/span><\/h5>\n<h6 class=\"_xlargeNopadding\"><a id=\"ctl00_ctl44_g_2045050c_4478_4888_9e97_bb6b1936cdbd_rptProyectos_ctl09_hlTitulo\" href=\"https:\/\/web.unican.es\/portal-investigador\/proyectos\/detalle-proyecto?pi=112037\" target=\"_blank\" rel=\"noopener\">IMITACIONES DE PIEDRAS EN VIDRIO EN \u00c9POCA ROMANA Y SU REINTERPRETACI\u00d3N EN \u00c9POCA MODERNA.\u00a0<\/a><\/h6>\n<p>Investigador Principal: Miguel Cisneros Cunchillos<\/p>\n<p class=\"_xlargeNopadding\">Proyecto PID2020-117299GB-I00 financiado por MCIN\/ AEI \/10.13039\/501100011033<\/p>\n<h6 class=\"_xlargeNopadding\"><a id=\"ctl00_ctl44_g_2045050c_4478_4888_9e97_bb6b1936cdbd_rptProyectos_ctl11_hlTitulo\" href=\"https:\/\/web.unican.es\/portal-investigador\/proyectos\/detalle-proyecto?pi=111947\" target=\"_blank\" rel=\"noopener\">PAISAJE HISTORICO CAMPOO-LOS VALLES &#8211; 2021<\/a><\/h6>\n<p>Investigadora Principal: Carolina Cort\u00e9s B\u00e1rcena<\/p>\n<p>Entidad financiadora: Gobierno de Cantabria (Consejer\u00eda de Educaci\u00f3n, Formaci\u00f3n profesrional y Universidades).<\/p>\n<h5><span style=\"color: #008080;\">2020<\/span><\/h5>\n<h6><strong><a href=\"https:\/\/web.unican.es\/portal-investigador\/proyectos\/detalle-proyecto?p=111519\" target=\"_blank\" rel=\"noopener\">Disensi\u00f3n religiosa y derechos de ciudadan\u00eda en la Antig\u00fcedad Tard\u00eda, de Diocleciano a Justiniano (284-565 d.C.) (PID2019-106423GB-I00\/ AEI \/ 10.13039\/501100011033)<\/a><\/strong><\/h6>\n<p>Investigadoras Principales: Mar Marcos y Juana Torres<\/p>\n<p>Proyecto del Plan Nacional<\/p>\n<h6 class=\"_xlargeNopadding\">PAISAJE HISTORICO CAMPOO-LOS VALLES &#8211; 2020<\/h6>\n<p>Investigadora Principal: Carolina Cort\u00e9s B\u00e1rcena<\/p>\n<p>Entidad financiadora: Gobierno de Cantabria (Consejer\u00eda de Educaci\u00f3n, Formaci\u00f3n profesrional y Universidades).<\/p>\n<h5><span style=\"color: #008080;\">2019<\/span><\/h5>\n<h6 style=\"text-align: justify;\"><strong><a href=\"https:\/\/web.unican.es\/portal-investigador\/proyectos\/detalle-proyecto?p=110938\">Heterotopias de la autoridad y de la sacralidad en el Mediterr\u00e1neo cristiano tardoantiguo (siglos IV-VI): lexico, rituales, <em>symbola<\/em> y <em>synthema<\/em> del poder pol\u00edtico y religioso (PGC2018-099798-B-I00) (MCI\/AEI\/FEDER\/UE)<\/a><\/strong><\/h6>\n<p>Investigadora Principal: Silvia Acerbi.<\/p>\n<p>Entidad financiadora: AGENCIA ESTATAL DE INVESTIGACION.<\/p>\n<h6><strong><a href=\"https:\/\/grupos.unican.es\/ahir\/343-2\/\">Paisaje Hist\u00f3rico de Campoo Los Valles 2019<\/a><\/strong><\/h6>\n<p>Investigadora Principal: Carolina Cort\u00e9s B\u00e1rcena.<\/p>\n<p>Entidad financiadora: Gobierno de Cantabria (Consejer\u00eda\u00a0de Educaci\u00f3n, Cultura y Deporte).<\/p>\n<h6><strong><a href=\"https:\/\/web.unican.es\/portal-investigador\/proyectos\/detalle-proyecto?p=111136\">Castro de El Cerco de Bolunburu (Zalla). Intervenci\u00f3n arqueol\u00f3gica 2019<\/a><\/strong><\/h6>\n<p>Investigador Principal: Juan Jos\u00e8 Cepeda.<\/p>\n<h6><strong><a href=\"https:\/\/web.unican.es\/portal-investigador\/proyectos\/detalle-proyecto?p=111234\">Prospecci\u00f3n geomagn\u00e9tica en El Alto de Rodilla<\/a><\/strong><\/h6>\n<p>Investigadora principal: Alicia Ruiz<\/p>\n<p>Entidad financiadora: Embajada de Francia en Espa\u00f1a<\/p>\n<h5><span style=\"color: #008080;\">2018<\/span><\/h5>\n<h6 data-canvas-width=\"707.4769604420109\"><strong><a href=\"https:\/\/grupos.unican.es\/ahir\/335-2\/\">Un imperio en movimiento: Web-SIG epigr\u00e1fica y an\u00e1lisis hist\u00f3rico de la circulaci\u00f3n de personas en el Occidente romano (HAR2017-84711-P)<\/a><\/strong><\/h6>\n<div data-canvas-width=\"707.4769604420109\">\n<p>Investigadora principal: <a href=\"http:\/\/unican.academia.edu\/AliciaRuizGuti%C3%A9rrez\">Alicia Ruiz<\/a><\/p>\n<p>Proyecto del Plan Nacional<\/p>\n<p>Duraci\u00f3n:\u00a001\/01\/2018-31\/12\/2021<\/p>\n<h6><strong><a href=\"https:\/\/grupos.unican.es\/ahir\/343-2\/\">Paisaje Hist\u00f3rico\u00a0de Campoo Los Valles 2018<\/a><\/strong><\/h6>\n<p>Investigadora Principal: Carolina Cort\u00e9s B\u00e1rcena.<\/p>\n<p>Entidad financiadora: Gobierno de Cantabria (Consejer\u00eda\u00a0de Educaci\u00f3n, Cultura y Deporte).<\/p>\n<\/div>\n<h5><span style=\"color: #008080;\">2017<\/span><\/h5>\n<h6 data-canvas-width=\"707.4769604420109\"><a href=\"https:\/\/grupos.unican.es\/ahir\/237-2\/\"><strong>Paisaje Hist\u00f3rico\u00a0de Campoo Los Valles<\/strong><\/a><\/h6>\n<div data-canvas-width=\"707.4769604420109\">\u00a0<\/div>\n<div data-canvas-width=\"707.4769604420109\">\n<p>Investigadores Principales: Jos\u00e9 Manuel Iglesias Gil; Carolina Cort\u00e9s B\u00e1rcena.<\/p>\n<p>Entidad financiadora: Gobierno de Cantabria (Consejer\u00eda\u00a0de Educaci\u00f3n, Cultura y Deporte).<\/p>\n<\/div>\n<h5><span style=\"color: #008080;\">2016<\/span><\/h5>\n<h6><strong><a href=\"https:\/\/grupos.unican.es\/ahir\/proyectos-de-investigacion\/117-2\/\">El auge de la intolerancia en el mundo mediterr\u00e1neo: explorando los or\u00edgenes del conflicto religioso (siglos II-VI D.C.) (HAR2015-66453-R) (MINECO\/FEDER, UE)<\/a><\/strong><\/h6>\n<p>Investigadora Principal: <a href=\"https:\/\/unican.academia.edu\/MarMarcos\">Mar Marcos.<\/a><\/p>\n<p>Proyecto del Plan Nacional<\/p>\n<p>Duraci\u00f3n: desde 01\/01\/2016 hasta 31\/12\/2019.<\/p>\n<h6 class=\"workspace-title\"><a href=\"https:\/\/grupos.unican.es\/ahir\/336-2\/\"><span class=\"ng-binding ng-scope\"><strong>Ficta Vitro Lapis: Las imitaciones de piedras en vidrio en la Hispania romana (HAR2015-64142-P)\u00a0 (MINECO\/FEDER)<\/strong><\/span><\/a><\/h6>\n<p>Investigador principal: <a href=\"http:\/\/unican.academia.edu\/MiguelCisnerosCunchillos\">Miguel Cisneros<\/a><\/p>\n<p>Proyecto del Plan Nacional<\/p>\n<p>Duraci\u00f3n: desde 01\/01\/2016 hasta 31\/12\/2018.<\/p>\n<h6><strong><a href=\"https:\/\/grupos.unican.es\/ahir\/120-2\/\">Formas de la pol\u00e9mica en la literatura cristiana antigua (SS. II-V) del di\u00e1logo al \u00abaltercatio\u00bb (FFI2015-65453-P) (MINECO\/FEDER, UE) (2016)<\/a><\/strong><\/h6>\n<p>Investigadora Principal: <a href=\"https:\/\/unican.academia.edu\/JuanaTorres\">Juana M\u00aa Torres<\/a>.<\/p>\n<p>Proyecto del Plan Nacional<\/p>\n<p>Duraci\u00f3n: desde 01\/01\/2016 hasta 31\/12\/2018.<\/p>\n<h6 data-canvas-width=\"707.4769604420109\"><a href=\"https:\/\/grupos.unican.es\/ahir\/132-2\/\"><strong>Paisaje Hist\u00f3rico\u00a0de Campoo Los Valles<\/strong><\/a><\/h6>\n<div data-canvas-width=\"707.4769604420109\">\u00a0<\/div>\n<div data-canvas-width=\"707.4769604420109\">\n<p>Investigador Principal: Jos\u00e9 Manuel Iglesias Gil.<\/p>\n<p>Entidad financiadora: Gobierno de Cantabria (Consejer\u00eda\u00a0de Educaci\u00f3n, Cultura y Deporte).<\/p>\n<h5><span style=\"color: #008080;\">2015<\/span><\/h5>\n<\/div>\n<div data-canvas-width=\"707.4769604420109\">\n<h6><strong><a href=\"https:\/\/grupos.unican.es\/ahir\/basileia-imperial-y-primatus-pontificio-ad-orientem-en-epoca-tardoantigua\/\"><em>Basileia<\/em>\u00a0Imperial y\u00a0<em>primatus<\/em>\u00a0pontificio ad Orientem en \u00e9poca Tardoantigua: las relaciones geo-eclesiales y pol\u00edtico-eclesi\u00e1sticas entre Romay las Iglesias Patriarcales(451-536) (HAR2014-55237-P)<\/a>.<\/strong><\/h6>\n<p>Investigadora Principal: <a href=\"http:\/\/acerbiscv2016.wixsite.com\/silviaacerbi-unican\">Silvia Acerbi<\/a>.<\/p>\n<p>Proyecto del Plan Nacional<\/p>\n<p>Duraci\u00f3n: desde 01\/01\/2015 hasta 31\/12\/2017 (con prorroga de un a\u00f1o)<\/p>\n<h6><strong><a href=\"https:\/\/grupos.unican.es\/ahir\/proyectos-de-investigacion\/movilidad-arraigo-y-registro-epigrafico-de-la-memoria-en-la-hispania-romana\/\">Movilidad, arraigo y registro epigr\u00e1fico de la memoria en la Hispania romana: estudio hist\u00f3rico y cartogr\u00e1fico (HAR2013-40762-P)<\/a><\/strong>.<\/h6>\n<\/div>\n<p>Investigadora Principal: <a href=\"http:\/\/unican.academia.edu\/AliciaRuizGuti\u00e9rrez\">Alicia Ruiz Guti\u00e9rrez<\/a>.<\/p>\n<p>Proyecto del Plan Nacional<\/p>\n<p>Duraci\u00f3n: desde 01\/01\/2015 hasta 31\/12\/2017.<\/p>\n\n\n\n<p><\/p>\n\n\n\n<p><\/p>\n<\/div><\/div>\n\n\n\n<p><\/p>\n","protected":false},"excerpt":{"rendered":"<p>2024 SEDITIO IN URBE: DISENSI\u00d3N RELIGIOSA Y ORDEN SOCIAL EN LA ANTIG\u00dcEDAD TARD\u00cdA (SS. IV-VI d.C.) (Proyecto PID2023-146594NB-I00 financiado por MICIU\/AEI\/10.13039\/501100011033 y por FEDER, UE) Investigadoras Principales: Mar Marcos y Juana Torres PAISAJE HISTORICO EN CAMPOO-LOS VALLES &#8211; 2024 Investigador Principal: Juan Jos\u00e9 Cepeda Ocampo Entidad financiadora: Gobierno de Cantabria (Consejer\u00eda de Cultura, Turismo y &hellip; <a href=\"https:\/\/grupos.unican.es\/ahir\/proyectos-de-investigacion\/\" class=\"more-link\">Continuar leyendo<span class=\"screen-reader-text\"> \u00abProyectos de investigaci\u00f3n\u00bb<\/span><\/a><\/p>\n","protected":false},"author":1,"featured_media":0,"parent":0,"menu_order":0,"comment_status":"closed","ping_status":"closed","template":"","meta":{"footnotes":""},"class_list":["post-18","page","type-page","status-publish","hentry"],"_links":{"self":[{"href":"https:\/\/grupos.unican.es\/ahir\/wp-json\/wp\/v2\/pages\/18","targetHints":{"allow":["GET"]}}],"collection":[{"href":"https:\/\/grupos.unican.es\/ahir\/wp-json\/wp\/v2\/pages"}],"about":[{"href":"https:\/\/grupos.unican.es\/ahir\/wp-json\/wp\/v2\/types\/page"}],"author":[{"embeddable":true,"href":"https:\/\/grupos.unican.es\/ahir\/wp-json\/wp\/v2\/users\/1"}],"replies":[{"embeddable":true,"href":"https:\/\/grupos.unican.es\/ahir\/wp-json\/wp\/v2\/comments?post=18"}],"version-history":[{"count":40,"href":"https:\/\/grupos.unican.es\/ahir\/wp-json\/wp\/v2\/pages\/18\/revisions"}],"predecessor-version":[{"id":491,"href":"https:\/\/grupos.unican.es\/ahir\/wp-json\/wp\/v2\/pages\/18\/revisions\/491"}],"wp:attachment":[{"href":"https:\/\/grupos.unican.es\/ahir\/wp-json\/wp\/v2\/media?parent=18"}],"curies":[{"name":"wp","href":"https:\/\/api.w.org\/{rel}","templated":true}]}}