{"id":237,"date":"2025-10-17T13:51:15","date_gmt":"2025-10-17T11:51:15","guid":{"rendered":"http:\/\/grupos.unican.es\/ahir\/?page_id=237"},"modified":"2025-10-17T13:51:15","modified_gmt":"2025-10-17T11:51:15","slug":"237-2","status":"publish","type":"page","link":"https:\/\/grupos.unican.es\/ahir\/237-2\/","title":{"rendered":""},"content":{"rendered":"<h5 data-canvas-width=\"707.4769604420109\"><span style=\"color: #008080;\"><strong>Paisaje Hist\u00f3rico\u00a0de Campoo Los Valles 2017<\/strong><\/span><\/h5>\n<h5>Investigadores principales:<\/h5>\n<p>Jos\u00e9 Manuel Iglesias Gil; Carolina Cort\u00e9s B\u00e1rcena<\/p>\n<h5>Entidad financiadora:<\/h5>\n<p>Gobierno de Cantabria (Consejer\u00eda de Educaci\u00f3n, Cultura y Deporte).<\/p>\n<p><strong>Otros investigadores<\/strong>:\u00a0 Juan Jos\u00e9 Cepeda, Alicia Ruiz, Jesus Ignacio Jim\u00e9nez Chaparro, Manuel Garc\u00eda Alonso; Alejandro Fern\u00e1ndez Gonz\u00e1lez; Javier S\u00e1nchez Espeso.<\/p>\n<div data-canvas-width=\"707.4769604420109\"><strong>P\u00e1gina web<\/strong>:\u00a0<a href=\"https:\/\/www.facebook.com\/Paisaje-arqueol%C3%B3gico-Campoo-Los-Valles-904190336319131\/\">https:\/\/www.facebook.com\/Paisaje-arqueol\u00f3gico-Campoo-Los-Valles-904190336319131\/<\/a><\/div>\n<h5 data-canvas-width=\"707.4769604420109\">\u00a0<strong>Actividades<\/strong><\/h5>\n<p><strong><span style=\"color: #008080;\">La Pieza del mes \u00abLa moneda romana en la ciudad de <em>Iuliobriga<\/em>\u00ab<\/span><\/strong><\/p>\n<p><iframe loading=\"lazy\" width=\"840\" height=\"473\" src=\"https:\/\/www.youtube.com\/embed\/AGK-9fuhOGc?feature=oembed\" frameborder=\"0\" allow=\"autoplay; encrypted-media\" allowfullscreen><\/iframe><\/p>\n<p>&nbsp;<\/p>\n<p><span style=\"color: #008080;\">Jornadas de Puertas Abiertas<\/span><\/p>\n<p><img loading=\"lazy\" decoding=\"async\" class=\"alignleft wp-image-279 size-medium\" src=\"https:\/\/grupos.unican.es\/ahir\/wp-content\/uploads\/2018\/01\/21014120_1619104998160991_2449061421155166621_o-212x300.jpg\" alt=\"\" width=\"212\" height=\"300\" srcset=\"https:\/\/grupos.unican.es\/ahir\/wp-content\/uploads\/2018\/01\/21014120_1619104998160991_2449061421155166621_o-212x300.jpg 212w, https:\/\/grupos.unican.es\/ahir\/wp-content\/uploads\/2018\/01\/21014120_1619104998160991_2449061421155166621_o-768x1087.jpg 768w, https:\/\/grupos.unican.es\/ahir\/wp-content\/uploads\/2018\/01\/21014120_1619104998160991_2449061421155166621_o-724x1024.jpg 724w, https:\/\/grupos.unican.es\/ahir\/wp-content\/uploads\/2018\/01\/21014120_1619104998160991_2449061421155166621_o-1200x1698.jpg 1200w, https:\/\/grupos.unican.es\/ahir\/wp-content\/uploads\/2018\/01\/21014120_1619104998160991_2449061421155166621_o.jpg 1447w\" sizes=\"auto, (max-width: 212px) 85vw, 212px\" \/><\/p>\n<p><img loading=\"lazy\" decoding=\"async\" class=\"alignleft wp-image-280 size-medium\" src=\"https:\/\/grupos.unican.es\/ahir\/wp-content\/uploads\/2018\/01\/21013916_1621417787929712_8928862441810820498_o-212x300.jpg\" alt=\"\" width=\"212\" height=\"300\" srcset=\"https:\/\/grupos.unican.es\/ahir\/wp-content\/uploads\/2018\/01\/21013916_1621417787929712_8928862441810820498_o-212x300.jpg 212w, https:\/\/grupos.unican.es\/ahir\/wp-content\/uploads\/2018\/01\/21013916_1621417787929712_8928862441810820498_o-768x1087.jpg 768w, https:\/\/grupos.unican.es\/ahir\/wp-content\/uploads\/2018\/01\/21013916_1621417787929712_8928862441810820498_o-724x1024.jpg 724w, https:\/\/grupos.unican.es\/ahir\/wp-content\/uploads\/2018\/01\/21013916_1621417787929712_8928862441810820498_o-1200x1698.jpg 1200w, https:\/\/grupos.unican.es\/ahir\/wp-content\/uploads\/2018\/01\/21013916_1621417787929712_8928862441810820498_o.jpg 1447w\" sizes=\"auto, (max-width: 212px) 85vw, 212px\" \/><\/p>\n<p>&nbsp;<\/p>\n<p>&nbsp;<\/p>\n<p>&nbsp;<\/p>\n<p>&nbsp;<\/p>\n<p>&nbsp;<\/p>\n<p>&nbsp;<\/p>\n<p><strong><span style=\"color: #008080;\">Ciclo de Charlas ARQUEOLOG\u00cdA EN CAMPOO LOS VALLES<\/span><\/strong><\/p>\n<p><img loading=\"lazy\" decoding=\"async\" class=\"alignleft wp-image-270 size-medium\" src=\"https:\/\/grupos.unican.es\/ahir\/wp-content\/uploads\/2018\/01\/20451946_1592416390829852_7350559488785056616_o-212x300.jpg\" alt=\"\" width=\"212\" height=\"300\" srcset=\"https:\/\/grupos.unican.es\/ahir\/wp-content\/uploads\/2018\/01\/20451946_1592416390829852_7350559488785056616_o-212x300.jpg 212w, https:\/\/grupos.unican.es\/ahir\/wp-content\/uploads\/2018\/01\/20451946_1592416390829852_7350559488785056616_o-768x1087.jpg 768w, https:\/\/grupos.unican.es\/ahir\/wp-content\/uploads\/2018\/01\/20451946_1592416390829852_7350559488785056616_o-724x1024.jpg 724w, https:\/\/grupos.unican.es\/ahir\/wp-content\/uploads\/2018\/01\/20451946_1592416390829852_7350559488785056616_o-1200x1698.jpg 1200w, https:\/\/grupos.unican.es\/ahir\/wp-content\/uploads\/2018\/01\/20451946_1592416390829852_7350559488785056616_o.jpg 1447w\" sizes=\"auto, (max-width: 212px) 85vw, 212px\" \/><\/p>\n<p>&nbsp;<\/p>\n<p>Los d\u00edas 8, 9 y 10 de agosto el equipo del proyecto organiz\u00f3 un ciclo de charlas sobre los yacimientos en los que trabajaron durante la campa\u00f1a arqueol\u00f3gica de 2017. Tras cada una de ellas, se traslad\u00f3 a los asistentes al correspondiente yacimiento para una visita guiada. Las fotos de las visitas y las charlas se pueden ver en el facebook del proyecto.<\/p>\n<p>&nbsp;<\/p>\n<p>&nbsp;<\/p>\n<p>&nbsp;<\/p>\n<p><span style=\"color: #008080;\">Una mirada integral a la presencia romana en el Sur de Cantabria: El Paisaje Hist\u00f3rico de Campoo- Los Valles<\/span><br \/>\n19 de mayo de 2017:\u00a0Jos\u00e9 Manuel Iglesias Gil habl\u00f3 sobre la presencia romana en el sur de Cantabria, el paisaje hist\u00f3rico de Campoo-Los Valles dentro de las Jornadas APIAA sobre Protohistoria y Antig\u00fcedad que se celebran este mes de mayo en Oviedo organizadas por\u00a0<a class=\"profileLink\" href=\"https:\/\/www.facebook.com\/asociacionapiaa\/?fref=mentions\" data-hovercard=\"\/ajax\/hovercard\/page.php?id=306962446080789&amp;extragetparams=%7B%22fref%22%3A%22mentions%22%7D\" data-hovercard-prefer-more-content-show=\"1\">APIAA<\/a><\/p>\n<p>&nbsp;<\/p>\n","protected":false},"excerpt":{"rendered":"<p>Paisaje Hist\u00f3rico\u00a0de Campoo Los Valles 2017 Investigadores principales: Jos\u00e9 Manuel Iglesias Gil; Carolina Cort\u00e9s B\u00e1rcena Entidad financiadora: Gobierno de Cantabria (Consejer\u00eda de Educaci\u00f3n, Cultura y Deporte). Otros investigadores:\u00a0 Juan Jos\u00e9 Cepeda, Alicia Ruiz, Jesus Ignacio Jim\u00e9nez Chaparro, Manuel Garc\u00eda Alonso; Alejandro Fern\u00e1ndez Gonz\u00e1lez; Javier S\u00e1nchez Espeso. P\u00e1gina web:\u00a0https:\/\/www.facebook.com\/Paisaje-arqueol\u00f3gico-Campoo-Los-Valles-904190336319131\/ \u00a0Actividades La Pieza del mes \u00abLa moneda &hellip; <a href=\"https:\/\/grupos.unican.es\/ahir\/237-2\/\" class=\"more-link\">Continuar leyendo<span class=\"screen-reader-text\"> \u00ab\u00bb<\/span><\/a><\/p>\n","protected":false},"author":1,"featured_media":0,"parent":0,"menu_order":0,"comment_status":"closed","ping_status":"closed","template":"","meta":{"footnotes":""},"class_list":["post-237","page","type-page","status-publish","hentry"],"_links":{"self":[{"href":"https:\/\/grupos.unican.es\/ahir\/wp-json\/wp\/v2\/pages\/237","targetHints":{"allow":["GET"]}}],"collection":[{"href":"https:\/\/grupos.unican.es\/ahir\/wp-json\/wp\/v2\/pages"}],"about":[{"href":"https:\/\/grupos.unican.es\/ahir\/wp-json\/wp\/v2\/types\/page"}],"author":[{"embeddable":true,"href":"https:\/\/grupos.unican.es\/ahir\/wp-json\/wp\/v2\/users\/1"}],"replies":[{"embeddable":true,"href":"https:\/\/grupos.unican.es\/ahir\/wp-json\/wp\/v2\/comments?post=237"}],"version-history":[{"count":8,"href":"https:\/\/grupos.unican.es\/ahir\/wp-json\/wp\/v2\/pages\/237\/revisions"}],"predecessor-version":[{"id":329,"href":"https:\/\/grupos.unican.es\/ahir\/wp-json\/wp\/v2\/pages\/237\/revisions\/329"}],"wp:attachment":[{"href":"https:\/\/grupos.unican.es\/ahir\/wp-json\/wp\/v2\/media?parent=237"}],"curies":[{"name":"wp","href":"https:\/\/api.w.org\/{rel}","templated":true}]}}

<h5 data-canvas-width="707.4769604420109"><span style="color: #008080;"><strong>Paisaje Histórico de Campoo Los Valles 2017</strong></span></h5>
<h5>Investigadores principales:</h5>
<p>José Manuel Iglesias Gil; Carolina Cortés Bárcena</p>
<h5>Entidad financiadora:</h5>
<p>Gobierno de Cantabria (Consejería de Educación, Cultura y Deporte).</p>
<p><strong>Otros investigadores</strong>:  Juan José Cepeda, Alicia Ruiz, Jesus Ignacio Jiménez Chaparro, Manuel García Alonso; Alejandro Fernández González; Javier Sánchez Espeso.</p>
<div data-canvas-width="707.4769604420109"><strong>Página web</strong>: <a href="https://www.facebook.com/Paisaje-arqueol%C3%B3gico-Campoo-Los-Valles-904190336319131/">https://www.facebook.com/Paisaje-arqueológico-Campoo-Los-Valles-904190336319131/</a></div>
<h5 data-canvas-width="707.4769604420109"> <strong>Actividades</strong></h5>
<p><strong><span style="color: #008080;">La Pieza del mes «La moneda romana en la ciudad de <em>Iuliobriga</em>«</span></strong></p>
<p><iframe loading="lazy" width="840" height="473" src="https://www.youtube.com/embed/AGK-9fuhOGc?feature=oembed" frameborder="0" allow="autoplay; encrypted-media" allowfullscreen></iframe></p>
<p>&nbsp;</p>
<p><span style="color: #008080;">Jornadas de Puertas Abiertas</span></p>
<p><img loading="lazy" decoding="async" class="alignleft wp-image-279 size-medium" src="https://grupos.unican.es/ahir/wp-content/uploads/2018/01/21014120_1619104998160991_2449061421155166621_o-212x300.jpg" alt="" width="212" height="300" srcset="https://grupos.unican.es/ahir/wp-content/uploads/2018/01/21014120_1619104998160991_2449061421155166621_o-212x300.jpg 212w, https://grupos.unican.es/ahir/wp-content/uploads/2018/01/21014120_1619104998160991_2449061421155166621_o-768x1087.jpg 768w, https://grupos.unican.es/ahir/wp-content/uploads/2018/01/21014120_1619104998160991_2449061421155166621_o-724x1024.jpg 724w, https://grupos.unican.es/ahir/wp-content/uploads/2018/01/21014120_1619104998160991_2449061421155166621_o-1200x1698.jpg 1200w, https://grupos.unican.es/ahir/wp-content/uploads/2018/01/21014120_1619104998160991_2449061421155166621_o.jpg 1447w" sizes="auto, (max-width: 212px) 85vw, 212px" /></p>
<p><img loading="lazy" decoding="async" class="alignleft wp-image-280 size-medium" src="https://grupos.unican.es/ahir/wp-content/uploads/2018/01/21013916_1621417787929712_8928862441810820498_o-212x300.jpg" alt="" width="212" height="300" srcset="https://grupos.unican.es/ahir/wp-content/uploads/2018/01/21013916_1621417787929712_8928862441810820498_o-212x300.jpg 212w, https://grupos.unican.es/ahir/wp-content/uploads/2018/01/21013916_1621417787929712_8928862441810820498_o-768x1087.jpg 768w, https://grupos.unican.es/ahir/wp-content/uploads/2018/01/21013916_1621417787929712_8928862441810820498_o-724x1024.jpg 724w, https://grupos.unican.es/ahir/wp-content/uploads/2018/01/21013916_1621417787929712_8928862441810820498_o-1200x1698.jpg 1200w, https://grupos.unican.es/ahir/wp-content/uploads/2018/01/21013916_1621417787929712_8928862441810820498_o.jpg 1447w" sizes="auto, (max-width: 212px) 85vw, 212px" /></p>
<p>&nbsp;</p>
<p>&nbsp;</p>
<p>&nbsp;</p>
<p>&nbsp;</p>
<p>&nbsp;</p>
<p>&nbsp;</p>
<p><strong><span style="color: #008080;">Ciclo de Charlas ARQUEOLOGÍA EN CAMPOO LOS VALLES</span></strong></p>
<p><img loading="lazy" decoding="async" class="alignleft wp-image-270 size-medium" src="https://grupos.unican.es/ahir/wp-content/uploads/2018/01/20451946_1592416390829852_7350559488785056616_o-212x300.jpg" alt="" width="212" height="300" srcset="https://grupos.unican.es/ahir/wp-content/uploads/2018/01/20451946_1592416390829852_7350559488785056616_o-212x300.jpg 212w, https://grupos.unican.es/ahir/wp-content/uploads/2018/01/20451946_1592416390829852_7350559488785056616_o-768x1087.jpg 768w, https://grupos.unican.es/ahir/wp-content/uploads/2018/01/20451946_1592416390829852_7350559488785056616_o-724x1024.jpg 724w, https://grupos.unican.es/ahir/wp-content/uploads/2018/01/20451946_1592416390829852_7350559488785056616_o-1200x1698.jpg 1200w, https://grupos.unican.es/ahir/wp-content/uploads/2018/01/20451946_1592416390829852_7350559488785056616_o.jpg 1447w" sizes="auto, (max-width: 212px) 85vw, 212px" /></p>
<p>&nbsp;</p>
<p>Los días 8, 9 y 10 de agosto el equipo del proyecto organizó un ciclo de charlas sobre los yacimientos en los que trabajaron durante la campaña arqueológica de 2017. Tras cada una de ellas, se trasladó a los asistentes al correspondiente yacimiento para una visita guiada. Las fotos de las visitas y las charlas se pueden ver en el facebook del proyecto.</p>
<p>&nbsp;</p>
<p>&nbsp;</p>
<p>&nbsp;</p>
<p><span style="color: #008080;">Una mirada integral a la presencia romana en el Sur de Cantabria: El Paisaje Histórico de Campoo- Los Valles</span><br />
19 de mayo de 2017: José Manuel Iglesias Gil habló sobre la presencia romana en el sur de Cantabria, el paisaje histórico de Campoo-Los Valles dentro de las Jornadas APIAA sobre Protohistoria y Antigüedad que se celebran este mes de mayo en Oviedo organizadas por <a class="profileLink" href="https://www.facebook.com/asociacionapiaa/?fref=mentions" data-hovercard="/ajax/hovercard/page.php?id=306962446080789&amp;extragetparams=%7B%22fref%22%3A%22mentions%22%7D" data-hovercard-prefer-more-content-show="1">APIAA</a></p>
<p>&nbsp;</p>

<p>Paisaje Histórico de Campoo Los Valles 2017 Investigadores principales: José Manuel Iglesias Gil; Carolina Cortés Bárcena Entidad financiadora: Gobierno de Cantabria (Consejería de Educación, Cultura y Deporte). Otros investigadores:  Juan José Cepeda, Alicia Ruiz, Jesus Ignacio Jiménez Chaparro, Manuel García Alonso; Alejandro Fernández González; Javier Sánchez Espeso. Página web: https://www.facebook.com/Paisaje-arqueológico-Campoo-Los-Valles-904190336319131/  Actividades La Pieza del mes «La moneda &hellip; <a href="https://grupos.unican.es/ahir/237-2/" class="more-link">Continuar leyendo<span class="screen-reader-text"> «»</span></a></p>
