{"id":72,"date":"2025-10-17T13:51:21","date_gmt":"2025-10-17T11:51:21","guid":{"rendered":"http:\/\/grupos.unican.es\/ahir\/?page_id=72"},"modified":"2025-10-17T13:51:21","modified_gmt":"2025-10-17T11:51:21","slug":"movilidad-arraigo-y-registro-epigrafico-de-la-memoria-en-la-hispania-romana","status":"publish","type":"page","link":"https:\/\/grupos.unican.es\/ahir\/proyectos-de-investigacion\/movilidad-arraigo-y-registro-epigrafico-de-la-memoria-en-la-hispania-romana\/","title":{"rendered":""},"content":{"rendered":"<h5><span style=\"color: #008080;\"><strong>Movilidad, arraigo y registro epigr\u00e1fico de la memoria en la Hispania romana: estudio hist\u00f3rico y cartogr\u00e1fico (HAR2013-40762-P).<\/strong><\/span><\/h5>\n<h5><span style=\"color: #333333;\">Investigador Principal: <\/span><\/h5>\n<p><a href=\"http:\/\/unican.academia.edu\/AliciaRuizGuti%C3%A9rrez\">Alicia Ruiz Guti\u00e9rrez.<\/a><\/p>\n<h5><span style=\"color: #333333;\">Entidad financiadora:<\/span><\/h5>\n<p>Ministerio de Econom\u00eda y Competitividad. Programa Estatal de Fomento de la Investigaci\u00f3n Cient\u00edfica y T\u00e9cnica de Excelencia, Subprograma Estatal de Generaci\u00f3n de Conocimiento.<\/p>\n<h6><strong>Integrantes<\/strong>:<\/h6>\n<p><strong>Miembros del Equipo de Investigaci\u00f3n:\u00a0<\/strong>Jos\u00e9 Manuel Iglesias Gil; Carolina Cort\u00e9s B\u00e1rcena<\/p>\n<p><strong>Miembros del Equipo de Trabajo:\u00a0<\/strong>Sabine Armani; Christian Rico; M. \u00c1ngeles Alonso Alonso; Juli\u00e1n Gonz\u00e1lez; Jes\u00fas Ignacio Jim\u00e9nez Chaparro; Alberto Barr\u00f3n Ruiz de la Cuesta; Diana Vega Almaz\u00e1n; Sergio Ruiz S\u00e1ez<\/p>\n<p><span style=\"color: #333333;\"><strong>Duraci\u00f3n<\/strong><\/span>: desde 01\/01\/2015 hasta 31\/12\/2017.<\/p>\n<p style=\"text-align: justify;\"><strong>Resumen<\/strong>:\u00a0El proyecto MIGRA tiene por objeto el estudio de la movilidad geogr\u00e1fica en el Imperio romano a partir del an\u00e1lisis de las inscripciones latinas. Una de sus metas es el dise\u00f1o de un Sistema de Informaci\u00f3n Geogr\u00e1fico (SIG) sobre los desplazamientos de personas y flujos migratorios. La idea es proporcionar una plataforma de cartograf\u00eda online que permita ilustrar de forma interactiva la intensidad y direcci\u00f3n de los movimientos de poblaci\u00f3n. El SIG integra una base de datos en la que se recogen las inscripciones donde se documentan personas procedentes de otros lugares, normalmente a trav\u00e9s de la indicaci\u00f3n de la <em>origo<\/em> en la onom\u00e1stica o bien por medio de otras referencias expl\u00edcitas en las inscripciones. El proyecto cuenta con financiaci\u00f3n del Ministerio de Econom\u00eda y Competitividad del Gobierno de Espa\u00f1a (MINECO). La investigaci\u00f3n tiene como precedente otro proyecto del Plan Nacional, desarrollado de los a\u00f1os 2009 al 2012, titulado \u201cViajes, migraciones y cambios de domicilio en el Imperio Romano. Estudio a partir de la documentaci\u00f3n epigr\u00e1fica de Hispania y la Galia\u201d (HAR2008-02375).<\/p>\n<h5><span style=\"color: #333333;\">Actividades<\/span>:<\/h5>\n<p><span style=\"color: #008080;\"><strong>Publicaci\u00f3n del\u00a0libro \u00abMonumenta et memoria Estudios de Epigraf\u00eda romana\u00bb<\/strong><\/span><\/p>\n<p><img loading=\"lazy\" decoding=\"async\" class=\"alignleft size-thumbnail wp-image-293\" src=\"https:\/\/grupos.unican.es\/ahir\/wp-content\/uploads\/2018\/01\/22291168_1103607769769440_3293980089797878493_o-150x150.jpg\" alt=\"\" width=\"150\" height=\"150\" \/>Publicaci\u00f3n del libro \u00ab<em>Monumenta et memoria.<\/em> Estudios de Epigraf\u00eda romana\u00bb en la prestigiosa editorial italiana Quasar. Esta obra editada por Jos\u00e9 Manuel Iglesias Gil y Alicia Ruiz re\u00fane diecis\u00e9is estudios centrados en el registro epigr\u00e1fico de la memoria en todas sus variantes: oficial, colectiva, privada y familiar. Su lectura invita a reflexionar sobre la cultura del recuerdo romana y sobre las distintas formas en que \u00e9sta se manifiesta y llega a nosotros a trav\u00e9s de la epigraf\u00eda.\u00a0En el siguiente enlace pod\u00e9is consultar el indice de la publicaci\u00f3n:\u00a0<a href=\"https:\/\/l.facebook.com\/l.php?u=http%3A%2F%2Fwww.edizioniquasar.it%2Fsku.php%3Fid_libro%3D2265&amp;h=ATMT1jLVzGmR9I1PtvTSzbrxZ-KSmEEJSTmpX0yyQf6_UB42nakbCrd10eFasPh0WJVs4hlJet6T3hGwFje3uXZoGQh1QJJgwtLUaaBAUr1TBuqnjGc1RtTmWjyTXgzmCMkCfrmwEh28n_spczfT_JuljHhBxEaBWmp4-zzBRYNo-mLkJL6dCkZ17ZbtyS8m6LKieg0C0tTe9I6BJYxOAiEZJ4gfNqucufcKaFIjJyYcLTLAPKuW-xQY_XqBq1t-YIcLT1nV13pfHJp9b8_GpMNyOVCctVXzZNsLMro\" target=\"_blank\" rel=\"noopener nofollow\" data-ft=\"{&quot;tn&quot;:&quot;-U&quot;}\" data-lynx-mode=\"async\">http:\/\/www.edizioniquasar.it\/sku.php?id_libro=2265<\/a><\/p>\n<p><strong><span style=\"color: #008080;\">Seminario de Epigraf\u00eda e Historia Antigua \u00abMujeres en el Mundo Romano\u00bb\u00a0<\/span><\/strong><br \/>\n<img loading=\"lazy\" decoding=\"async\" class=\"alignleft wp-image-240 size-medium\" src=\"https:\/\/grupos.unican.es\/ahir\/wp-content\/uploads\/2018\/01\/17966454_1002622776534607_230161610930151449_o-212x300.jpg\" alt=\"\" width=\"212\" height=\"300\" srcset=\"https:\/\/grupos.unican.es\/ahir\/wp-content\/uploads\/2018\/01\/17966454_1002622776534607_230161610930151449_o-212x300.jpg 212w, https:\/\/grupos.unican.es\/ahir\/wp-content\/uploads\/2018\/01\/17966454_1002622776534607_230161610930151449_o-768x1086.jpg 768w, https:\/\/grupos.unican.es\/ahir\/wp-content\/uploads\/2018\/01\/17966454_1002622776534607_230161610930151449_o-724x1024.jpg 724w, https:\/\/grupos.unican.es\/ahir\/wp-content\/uploads\/2018\/01\/17966454_1002622776534607_230161610930151449_o-1200x1697.jpg 1200w, https:\/\/grupos.unican.es\/ahir\/wp-content\/uploads\/2018\/01\/17966454_1002622776534607_230161610930151449_o.jpg 1448w\" sizes=\"auto, (max-width: 212px) 85vw, 212px\" \/><\/p>\n<p>&nbsp;<\/p>\n<p>El jueves 25 de mayo tuvo lugar el Seminario de Epigraf\u00eda e Historia Antigua \u00abMujeres en el Mundo Romano\u00bb dirigido por Alicia Ruiz Guti\u00e9rrez y Pilar Pav\u00f3n Torrej\u00f3n.<\/p>\n<p>&nbsp;<\/p>\n<p>&nbsp;<\/p>\n<p>&nbsp;<\/p>\n<p><a href=\"https:\/\/grupos.unican.es\/ahir\/wp-content\/uploads\/2016\/10\/P%C3%B3ster_Coloquio-Santander-2016.pdf\"><span style=\"text-decoration: underline;\">Coloquio Internacional \u00ab<em>Monumenta et Memoria<\/em>. Estudios de Epigraf\u00eda Romana\u00bb<\/span><\/a><\/p>\n<p>Diecis\u00e9is especialistas de diez centros de investigaci\u00f3n debatieron\u00a0acerca del registro de la memoria a trav\u00e9s de la epigraf\u00eda y presentaron los resultados de sus investigaciones centradas en distintos contextos del Occidente romano los d\u00edas 22 y 23 de septiembre de 2016.<\/p>\n<p><a href=\"https:\/\/grupos.unican.es\/ahir\/wp-content\/uploads\/2016\/10\/IMG_2036.jpg\"><img loading=\"lazy\" decoding=\"async\" class=\"alignleft size-thumbnail wp-image-79\" src=\"https:\/\/grupos.unican.es\/ahir\/wp-content\/uploads\/2016\/10\/IMG_2036-150x150.jpg\" alt=\"img_2036\" width=\"150\" height=\"150\" \/><\/a><a href=\"https:\/\/grupos.unican.es\/ahir\/wp-content\/uploads\/2016\/10\/14361452_868784529918433_4937070558002120190_o.jpg\"><img loading=\"lazy\" decoding=\"async\" class=\"alignleft wp-image-87 size-medium\" src=\"https:\/\/grupos.unican.es\/ahir\/wp-content\/uploads\/2016\/10\/14361452_868784529918433_4937070558002120190_o-212x300.jpg\" alt=\"14361452_868784529918433_4937070558002120190_o\" width=\"212\" height=\"300\" srcset=\"https:\/\/grupos.unican.es\/ahir\/wp-content\/uploads\/2016\/10\/14361452_868784529918433_4937070558002120190_o-212x300.jpg 212w, https:\/\/grupos.unican.es\/ahir\/wp-content\/uploads\/2016\/10\/14361452_868784529918433_4937070558002120190_o-768x1086.jpg 768w, https:\/\/grupos.unican.es\/ahir\/wp-content\/uploads\/2016\/10\/14361452_868784529918433_4937070558002120190_o-724x1024.jpg 724w, https:\/\/grupos.unican.es\/ahir\/wp-content\/uploads\/2016\/10\/14361452_868784529918433_4937070558002120190_o-1200x1697.jpg 1200w, https:\/\/grupos.unican.es\/ahir\/wp-content\/uploads\/2016\/10\/14361452_868784529918433_4937070558002120190_o.jpg 1448w\" sizes=\"auto, (max-width: 212px) 85vw, 212px\" \/><\/a><\/p>\n","protected":false},"excerpt":{"rendered":"<p>Movilidad, arraigo y registro epigr\u00e1fico de la memoria en la Hispania romana: estudio hist\u00f3rico y cartogr\u00e1fico (HAR2013-40762-P). Investigador Principal: Alicia Ruiz Guti\u00e9rrez. Entidad financiadora: Ministerio de Econom\u00eda y Competitividad. Programa Estatal de Fomento de la Investigaci\u00f3n Cient\u00edfica y T\u00e9cnica de Excelencia, Subprograma Estatal de Generaci\u00f3n de Conocimiento. Integrantes: Miembros del Equipo de Investigaci\u00f3n:\u00a0Jos\u00e9 Manuel Iglesias &hellip; <a href=\"https:\/\/grupos.unican.es\/ahir\/proyectos-de-investigacion\/movilidad-arraigo-y-registro-epigrafico-de-la-memoria-en-la-hispania-romana\/\" class=\"more-link\">Continuar leyendo<span class=\"screen-reader-text\"> \u00ab\u00bb<\/span><\/a><\/p>\n","protected":false},"author":1,"featured_media":0,"parent":18,"menu_order":0,"comment_status":"closed","ping_status":"closed","template":"","meta":{"footnotes":""},"class_list":["post-72","page","type-page","status-publish","hentry"],"_links":{"self":[{"href":"https:\/\/grupos.unican.es\/ahir\/wp-json\/wp\/v2\/pages\/72","targetHints":{"allow":["GET"]}}],"collection":[{"href":"https:\/\/grupos.unican.es\/ahir\/wp-json\/wp\/v2\/pages"}],"about":[{"href":"https:\/\/grupos.unican.es\/ahir\/wp-json\/wp\/v2\/types\/page"}],"author":[{"embeddable":true,"href":"https:\/\/grupos.unican.es\/ahir\/wp-json\/wp\/v2\/users\/1"}],"replies":[{"embeddable":true,"href":"https:\/\/grupos.unican.es\/ahir\/wp-json\/wp\/v2\/comments?post=72"}],"version-history":[{"count":8,"href":"https:\/\/grupos.unican.es\/ahir\/wp-json\/wp\/v2\/pages\/72\/revisions"}],"predecessor-version":[{"id":295,"href":"https:\/\/grupos.unican.es\/ahir\/wp-json\/wp\/v2\/pages\/72\/revisions\/295"}],"up":[{"embeddable":true,"href":"https:\/\/grupos.unican.es\/ahir\/wp-json\/wp\/v2\/pages\/18"}],"wp:attachment":[{"href":"https:\/\/grupos.unican.es\/ahir\/wp-json\/wp\/v2\/media?parent=72"}],"curies":[{"name":"wp","href":"https:\/\/api.w.org\/{rel}","templated":true}]}}

<h5><span style="color: #008080;"><strong>Movilidad, arraigo y registro epigráfico de la memoria en la Hispania romana: estudio histórico y cartográfico (HAR2013-40762-P).</strong></span></h5>
<h5><span style="color: #333333;">Investigador Principal: </span></h5>
<p><a href="http://unican.academia.edu/AliciaRuizGuti%C3%A9rrez">Alicia Ruiz Gutiérrez.</a></p>
<h5><span style="color: #333333;">Entidad financiadora:</span></h5>
<p>Ministerio de Economía y Competitividad. Programa Estatal de Fomento de la Investigación Científica y Técnica de Excelencia, Subprograma Estatal de Generación de Conocimiento.</p>
<h6><strong>Integrantes</strong>:</h6>
<p><strong>Miembros del Equipo de Investigación: </strong>José Manuel Iglesias Gil; Carolina Cortés Bárcena</p>
<p><strong>Miembros del Equipo de Trabajo: </strong>Sabine Armani; Christian Rico; M. Ángeles Alonso Alonso; Julián González; Jesús Ignacio Jiménez Chaparro; Alberto Barrón Ruiz de la Cuesta; Diana Vega Almazán; Sergio Ruiz Sáez</p>
<p><span style="color: #333333;"><strong>Duración</strong></span>: desde 01/01/2015 hasta 31/12/2017.</p>
<p style="text-align: justify;"><strong>Resumen</strong>: El proyecto MIGRA tiene por objeto el estudio de la movilidad geográfica en el Imperio romano a partir del análisis de las inscripciones latinas. Una de sus metas es el diseño de un Sistema de Información Geográfico (SIG) sobre los desplazamientos de personas y flujos migratorios. La idea es proporcionar una plataforma de cartografía online que permita ilustrar de forma interactiva la intensidad y dirección de los movimientos de población. El SIG integra una base de datos en la que se recogen las inscripciones donde se documentan personas procedentes de otros lugares, normalmente a través de la indicación de la <em>origo</em> en la onomástica o bien por medio de otras referencias explícitas en las inscripciones. El proyecto cuenta con financiación del Ministerio de Economía y Competitividad del Gobierno de España (MINECO). La investigación tiene como precedente otro proyecto del Plan Nacional, desarrollado de los años 2009 al 2012, titulado “Viajes, migraciones y cambios de domicilio en el Imperio Romano. Estudio a partir de la documentación epigráfica de Hispania y la Galia” (HAR2008-02375).</p>
<h5><span style="color: #333333;">Actividades</span>:</h5>
<p><span style="color: #008080;"><strong>Publicación del libro «Monumenta et memoria Estudios de Epigrafía romana»</strong></span></p>
<p><img loading="lazy" decoding="async" class="alignleft size-thumbnail wp-image-293" src="https://grupos.unican.es/ahir/wp-content/uploads/2018/01/22291168_1103607769769440_3293980089797878493_o-150x150.jpg" alt="" width="150" height="150" />Publicación del libro «<em>Monumenta et memoria.</em> Estudios de Epigrafía romana» en la prestigiosa editorial italiana Quasar. Esta obra editada por José Manuel Iglesias Gil y Alicia Ruiz reúne dieciséis estudios centrados en el registro epigráfico de la memoria en todas sus variantes: oficial, colectiva, privada y familiar. Su lectura invita a reflexionar sobre la cultura del recuerdo romana y sobre las distintas formas en que ésta se manifiesta y llega a nosotros a través de la epigrafía. En el siguiente enlace podéis consultar el indice de la publicación: <a href="https://l.facebook.com/l.php?u=http%3A%2F%2Fwww.edizioniquasar.it%2Fsku.php%3Fid_libro%3D2265&amp;h=ATMT1jLVzGmR9I1PtvTSzbrxZ-KSmEEJSTmpX0yyQf6_UB42nakbCrd10eFasPh0WJVs4hlJet6T3hGwFje3uXZoGQh1QJJgwtLUaaBAUr1TBuqnjGc1RtTmWjyTXgzmCMkCfrmwEh28n_spczfT_JuljHhBxEaBWmp4-zzBRYNo-mLkJL6dCkZ17ZbtyS8m6LKieg0C0tTe9I6BJYxOAiEZJ4gfNqucufcKaFIjJyYcLTLAPKuW-xQY_XqBq1t-YIcLT1nV13pfHJp9b8_GpMNyOVCctVXzZNsLMro" target="_blank" rel="noopener nofollow" data-ft="{&quot;tn&quot;:&quot;-U&quot;}" data-lynx-mode="async">http://www.edizioniquasar.it/sku.php?id_libro=2265</a></p>
<p><strong><span style="color: #008080;">Seminario de Epigrafía e Historia Antigua «Mujeres en el Mundo Romano» </span></strong><br />
<img loading="lazy" decoding="async" class="alignleft wp-image-240 size-medium" src="https://grupos.unican.es/ahir/wp-content/uploads/2018/01/17966454_1002622776534607_230161610930151449_o-212x300.jpg" alt="" width="212" height="300" srcset="https://grupos.unican.es/ahir/wp-content/uploads/2018/01/17966454_1002622776534607_230161610930151449_o-212x300.jpg 212w, https://grupos.unican.es/ahir/wp-content/uploads/2018/01/17966454_1002622776534607_230161610930151449_o-768x1086.jpg 768w, https://grupos.unican.es/ahir/wp-content/uploads/2018/01/17966454_1002622776534607_230161610930151449_o-724x1024.jpg 724w, https://grupos.unican.es/ahir/wp-content/uploads/2018/01/17966454_1002622776534607_230161610930151449_o-1200x1697.jpg 1200w, https://grupos.unican.es/ahir/wp-content/uploads/2018/01/17966454_1002622776534607_230161610930151449_o.jpg 1448w" sizes="auto, (max-width: 212px) 85vw, 212px" /></p>
<p>&nbsp;</p>
<p>El jueves 25 de mayo tuvo lugar el Seminario de Epigrafía e Historia Antigua «Mujeres en el Mundo Romano» dirigido por Alicia Ruiz Gutiérrez y Pilar Pavón Torrejón.</p>
<p>&nbsp;</p>
<p>&nbsp;</p>
<p>&nbsp;</p>
<p><a href="https://grupos.unican.es/ahir/wp-content/uploads/2016/10/P%C3%B3ster_Coloquio-Santander-2016.pdf"><span style="text-decoration: underline;">Coloquio Internacional «<em>Monumenta et Memoria</em>. Estudios de Epigrafía Romana»</span></a></p>
<p>Dieciséis especialistas de diez centros de investigación debatieron acerca del registro de la memoria a través de la epigrafía y presentaron los resultados de sus investigaciones centradas en distintos contextos del Occidente romano los días 22 y 23 de septiembre de 2016.</p>
<p><a href="https://grupos.unican.es/ahir/wp-content/uploads/2016/10/IMG_2036.jpg"><img loading="lazy" decoding="async" class="alignleft size-thumbnail wp-image-79" src="https://grupos.unican.es/ahir/wp-content/uploads/2016/10/IMG_2036-150x150.jpg" alt="img_2036" width="150" height="150" /></a><a href="https://grupos.unican.es/ahir/wp-content/uploads/2016/10/14361452_868784529918433_4937070558002120190_o.jpg"><img loading="lazy" decoding="async" class="alignleft wp-image-87 size-medium" src="https://grupos.unican.es/ahir/wp-content/uploads/2016/10/14361452_868784529918433_4937070558002120190_o-212x300.jpg" alt="14361452_868784529918433_4937070558002120190_o" width="212" height="300" srcset="https://grupos.unican.es/ahir/wp-content/uploads/2016/10/14361452_868784529918433_4937070558002120190_o-212x300.jpg 212w, https://grupos.unican.es/ahir/wp-content/uploads/2016/10/14361452_868784529918433_4937070558002120190_o-768x1086.jpg 768w, https://grupos.unican.es/ahir/wp-content/uploads/2016/10/14361452_868784529918433_4937070558002120190_o-724x1024.jpg 724w, https://grupos.unican.es/ahir/wp-content/uploads/2016/10/14361452_868784529918433_4937070558002120190_o-1200x1697.jpg 1200w, https://grupos.unican.es/ahir/wp-content/uploads/2016/10/14361452_868784529918433_4937070558002120190_o.jpg 1448w" sizes="auto, (max-width: 212px) 85vw, 212px" /></a></p>

<p>Movilidad, arraigo y registro epigráfico de la memoria en la Hispania romana: estudio histórico y cartográfico (HAR2013-40762-P). Investigador Principal: Alicia Ruiz Gutiérrez. Entidad financiadora: Ministerio de Economía y Competitividad. Programa Estatal de Fomento de la Investigación Científica y Técnica de Excelencia, Subprograma Estatal de Generación de Conocimiento. Integrantes: Miembros del Equipo de Investigación: José Manuel Iglesias &hellip; <a href="https://grupos.unican.es/ahir/proyectos-de-investigacion/movilidad-arraigo-y-registro-epigrafico-de-la-memoria-en-la-hispania-romana/" class="more-link">Continuar leyendo<span class="screen-reader-text"> «»</span></a></p>
