{"id":2002,"date":"2020-02-20T12:20:01","date_gmt":"2020-02-20T12:20:01","guid":{"rendered":"https:\/\/grupos.unican.es\/pasep\/?page_id=2002"},"modified":"2021-02-02T15:43:22","modified_gmt":"2021-02-02T15:43:22","slug":"publications-2020","status":"publish","type":"page","link":"https:\/\/grupos.unican.es\/pasep\/publications-2020\/","title":{"rendered":"PUBLICATIONS 2020"},"content":{"rendered":"\n<p>R. Abej\u00f3n, A. Fern\u00e1ndez-Rios, A. Dom\u00ednguez-Ramos, J. Laso, I. Ruiz-Salm\u00f3n, M. Y\u00e1\u00f1ez, A. Ortiz, D. Gorri, N. Donzel, D. Jones, A. Irabien, I. Ortiz, R. Aldaco, M. Margallo. <strong>Hydrogen recovery from waste gas streams to feed (High-temperature <\/strong><strong>pem<\/strong><strong>) fuel cells: Environmental performance under a life-cycle thinking <\/strong><strong>approach<\/strong>. Applied Sciences 10(21), 7461, 1-19, 2020.<\/p>\n\n\n\n<p>C. Arregoitia-Sarabia, D. Gonz\u00e1lez-Revuelta, M. Fallanza, D. Gorri, I. Ortiz. <strong>Polymer inclusion membranes containing ionic liquids for the recovery of n-butanol from ABE solutions by pervaporation<\/strong>. Separation and Purification Technology 248, 117101, 2020.<\/p>\n\n\n\n<p>S. Asensio-Delgado, D. Jovell, G. Zarca, A. Urtiaga, F. Llovell. <strong>Thermodynamic and process modeling of the recovery of R410A compounds with ionic liquids<\/strong>. International Journal of Refrigeration 118, 365-375, 2020.<\/p>\n\n\n\n<p>S. Asensio-Delgado, F. Pardo, G. Zarca, A. Urtiaga. <strong>Vapor-liquid equilibria and diffusion coefficients of difluoromethane, 1,1,1,2-tetrafluoroethane, and 2,3,3,3-tetrafluoropropene in low-viscosity ionic liquids.<\/strong> Journal of Chemical &amp; Engineering Data. Article in press. <a href=\"https:\/\/doi.org\/10.1021\/acs.jced.0c00224.%202020\">https:\/\/doi.org\/10.1021\/acs.jced.0c00224. 2020<\/a>.<\/p>\n\n\n\n<p>S. Asensio-Delgado, F. Pardo, G. Zarca, A. Urtiaga. <strong>Enhanced absorption separation of hydrofluorocarbon\/<\/strong><strong>hydrofluoroolefin<\/strong><strong> refrigerant blends using ionic liquids<\/strong>. Separation and Purification Technology 249, 117136, 2020.<\/p>\n\n\n\n<p>A. Basauri, C. Gonz\u00e1lez-Fern\u00e1ndez, M. Fallanza, E. Bringas, R. Fern\u00e1ndez-L\u00f3pez, L. Giner, G. Moncali\u00e1n, F. de la Cruz, I. Ortiz. <strong>Biochemical interactions between LPS and LPS-binding molecules<\/strong>. Critical Reviews in Biotechnolgy 40(3), 292-305, 2020.<\/p>\n\n\n\n<p>J. Corredor, E. P\u00e9rez-Pe\u00f1a, M.J. Rivero, I. Ortiz. <strong>Performance of <\/strong><strong>rgo<\/strong><strong>\/tio2 photocatalytic membranes for hydrogen <\/strong><strong>production<\/strong>. Membranes 10(9), 1-13, 218, 2020.<\/p>\n\n\n\n<p>J. Corredor, M.J. Rivero, I. Ortiz. <strong>New insights in the performance and reuse of <\/strong><strong>rGO<\/strong><strong>\/TiO2 composites for the photocatalytic hydrogen <\/strong><strong>production.<\/strong> International Journal of Hydrogen Energy. Article in press. 2020.<\/p>\n\n\n\n<p>F. Fresno, O. Iglesias, E. Alfonso-Gonz\u00e1lez, M.J. Rivero, I. Ortiz, V.A. de la Pe\u00f1a O\u00b4Shea. <strong>Assessing the feasibility of reduced graphene oxide as an electronic promoter for photocatalytic hydrogen production over Nb-Ta perovskite photocatalysts<\/strong>. Catalysis Today. Article in press. https:\/\/doi.org\/10.1016\/j.cattod.2020.05.027. 2020.<\/p>\n\n\n\n<p>C. G. Fern\u00e1ndez, J. G\u00f3mez-Pastora, A. Basauri, M. Fallanza, E. Bringas, J.J. Chalmers, I. Ortiz. <strong>Continuous-flow separation of magnetic particles from <\/strong><strong>biofluids<\/strong><strong>: How does the <\/strong><strong>microdevice<\/strong><strong> geometry determine the separation performance? <\/strong>Sensors 20(11), 3030, 2020.<\/p>\n\n\n\n<p>L. G\u00f3mez-Coma, V.M. Ortiz-Mart\u00ednez, M. Fallanza, A. Ortiz, R. Ib\u00e1\u00f1ez, I. Ortiz. <strong>Blue energy for sustainable water reclamation in WWTPs<\/strong>. Journal of Water Process Engineering 33, 101020, 2020.<\/p>\n\n\n\n<p>J. G\u00f3mez-Pastora, A.Q. Alorabi, M.D. Tarn, E. Bringas, I. Ortiz, V.N. Paunov, N. Pamme. <strong>Continuous generation of stable polyelectrolyte multilayer capsules inside a snakes-and-ladders chip<\/strong>. 21st International Conference on Miniaturized Systems for Chemistry and Life Sciences, MicroTAS 2017, 2020, pp. 724\u2013725.<\/p>\n\n\n\n<p>C. Gonz\u00e1lez-Fern\u00e1ndez, J. G\u00f3mez-Pastora, A. Basauri, M. Fallanza, E. Bringas, J. J. Chalmers, I. Ortiz. Continious-flow separation of magnetic particles from biofluids: <strong>How does the <\/strong><strong>microdevice<\/strong><strong> geometry determine the separation performance? <\/strong>Sensosrs 20 (11), 3030, 2020.<\/p>\n\n\n\n<p>M. Herrero-Gonz\u00e1lez, N. Admon, A. Dom\u00ednguez-Ramos, R. Ib\u00e1\u00f1ez, A. Wolfson, A. Irabien. <strong>Environmental sustainability assessment of seawater reverse osmosis brine valorization b means of electrodialysis with bipolar membranes<\/strong>. Environmental Science and Pollution Research 27(2), 1256-1266, 2020.<\/p>\n\n\n\n<p>M. Herrero-Gonz\u00e1lez, P. Diaz-Guridi, A. Dom\u00ednguez-Ramos, A. Irabien, R. Ib\u00e1\u00f1ez. <strong>Highly concentrated HCl and NaOH from brines using electrodialysis with bipolar membranes<\/strong>. Separation and Purification Technology 242, 116785, 2020.<\/p>\n\n\n\n<p>M. A. Mantec\u00f3n-Oria, N. Diban, M. T. Berciano, M.J. Rivero, O. David, M. Lafarga, O. Tapia, A. Urtiaga. <strong>Hollow fiber membranes of PCL and PCL\/Graphene as scaffolds with potential to develop in vitro blood-brain barrier models<\/strong>. Membranes 10(8), 161, 2020.<\/p>\n\n\n\n<p>R. Ortiz-Imedio, A. Ortiz., J.C. Urroz, P.M. Di\u00e9guez, D. Gorri, L.M. Gand\u00eda, I. Ortiz. <strong>Comparative performance of coke oven gas, hydrogen and methane in a spark ignition engine<\/strong>. International Journal of Hydrogen Energy. Article in press. 2020.<\/p>\n\n\n\n<p>V.M. Ortiz-Mart\u00ednez, L. G\u00f3mez-Coma, A. Ortiz, I. Ortiz. <strong>Overview on the use of surfactants for the preparation of porous carbon materials by the sol-gel method: Applications in energy systems<\/strong>. Reviews in Chemical Engineering 36(7), 771-787, 2020.<\/p>\n\n\n\n<p>V.M. Ortiz-Mart\u00ednez, L. G\u00f3mez-Coma, G. P\u00e9rez, A. Ortiz, I. Ortiz. <strong>The roles of ionic liquids as new electrolytes in redox flow batteries<\/strong>. Separation and Purification Technology 252, 117436, 2020.<\/p>\n\n\n\n<p>V.M. Ortiz-Mart\u00ednez, L. G\u00f3mez-Coma, C. Trist\u00e1n, G. P\u00e9rez, M. Fallanza, A. Ortiz, R. Ib\u00e1\u00f1ez, I. Ortiz. <strong>A comprehensive study on the effects of operation variables on reverse <\/strong><strong>electrodialysis<\/strong><strong> performance<\/strong>. Desalination 482, 114389. 2020.<\/p>\n\n\n\n<p>A. Otero-Fern\u00e1ndez, P. D\u00edaz, J.A. Otero, R. Ib\u00e1\u00f1ez, A. Maroto-Valiente, L. Palacio, P. Pr\u00e1danos, F.J. Carmona, A. Hern\u00e1ndez. <strong>Morphological, chemical and electrical characterization of a family of commercial <\/strong><strong>nanofiltration<\/strong><strong> polyvinyl alcohol coated <\/strong><strong>polypiperazineamide<\/strong><strong> membranes<\/strong>. European Polymer Journal 126, 109544, 2020.<\/p>\n\n\n\n<p>F. Pardo, G. Zarca, A. Urtiaga<strong>. Separation of refrigerant gas mixtures containing R32, R134a and R1234yf through poly(ether-block-amide) membranes<\/strong>. ACS Sustainable Chemistry &amp; Engineering 8, 2548-2556, 2020.<\/p>\n\n\n\n<p>M.J. Rivero, P. Ribao, B. G\u00f3mez-Ruiz, A. Urtiaga, I. Ortiz. <strong>Comparative performance of TiO<\/strong><strong><sub>2<\/sub><\/strong><strong>-rGO <\/strong><strong>photocatalyst<\/strong><strong> in the degradation of <\/strong><strong>dichloroacetic<\/strong><strong> and <\/strong><strong>perfluorooctanoic<\/strong><strong> acids<\/strong>. Separation and Purification Technology 164, 114954, 2020.<\/p>\n\n\n\n<p>A. Romano, A. M. Urtiaga, I. Ortiz. <strong>Optimized energy consumption in electrochemical-based regeneration of RAS water<\/strong>. Separation and Purification Technology 240, 116638, 2020.<\/p>\n\n\n\n<p>M. Romay, N. Diban, M.J. Rivero, A. Urtiaga, I. Ortiz. <strong>Critical issues and guidelines to improve the performance of photocatalytic polymeric membranes<\/strong>. Catalysts 10 (5), 570-605, 2020.<\/p>\n\n\n\n<p>A. Roodan, J. G\u00f3mez-Pastora, I.H. Karampelas, C. Gonz\u00e1lez-Fern\u00e1ndez, E. Bringas, I. Ortiz, J.J. Chalmers, E.P. Furlani, M.T. Swihart. <strong>Formation and manipulation of <\/strong><strong>ferrofluid<\/strong><strong> droplets with magnetic fields in a <\/strong><strong>microdevice<\/strong><strong>: A numerical parametric <\/strong><strong>study<\/strong>. Soft Matter 16 (41), 9506-9518. 2020.<\/p>\n\n\n\n<p>S. San Mart\u00edn, M.J. Rivero, I. Ortiz. <strong>Unravelling the mechanisms that drive the performance of photocatalytic hydrogen production<\/strong>. Catalysts 10(8), 1-27, 901, 2020.<\/p>\n\n\n\n<p>M.F. San Rom\u00e1n, C. Sol\u00e1-Guti\u00e9rrez, S. Schr\u00f6der, J. Laso, M. Margallo, I. V\u00e1zquez-Rowe, I. Ortiz, A. Irabien, R. Aldaco. <strong>Potential formation of PCDD\/Fs in <\/strong><strong>triclosan<\/strong><strong> wastewater treatment: An overall toxicity assessment under a life cycle approach<\/strong>. Science of the Total Environment 707, 135981, 2020.<\/p>\n\n\n\n<p>S. Schr\u00f6der, M.F. San Rom\u00e1n, I. Ortiz. <strong>Photocatalytic transformation of <\/strong><strong>triclosan<\/strong>. Reaction products and kinetics. Catalysts 10(12), 1-15, 1468, 2020.<\/p>\n\n\n\n<p>Q. Sohaib, J.M.Vadillo, L. G\u00f3mez-Coma, J. Albo, S. Druon-Bocquet, A. Irabien, J. S\u00e1nchez-Marcano. <strong>CO2 capture with room temperature ionic liquids; coupled absorption\/desorption and single module absorption in membrane contactor<\/strong>. Chemical Engineering Science 223, 115719. 2020.<\/p>\n\n\n\n<p>Q. Sohaib, J.M. Vadillo, L. G\u00f3mez-Coma, J. Albo, S. Druon-Bocquet, A. Irabien, J. S\u00e1nchez-Marcano. Post combustion <strong>CO2 capture by coupling [<\/strong><strong>emim<\/strong><strong>] cation based ionic liquids with a membrane contactor; pseudo-steady-state approach<\/strong>. International Journal of Greenhouse Gas Control 99, 103076, 2020.<\/p>\n\n\n\n<p>Q. Sohaib, J.M. Vadillo, L. G\u00f3mez-Coma, J. Albo, S. Druon-Bocquet, A. Irabien, J. S\u00e1nchez-Marcano. <strong>CO2 capture in a hollow fiber membrane contactor coupled with ionic liquid: Influence of membrane wetting and process parameters<\/strong>. Separation and Purification Technology 233, 115986, 2020.<\/p>\n\n\n\n<p>Q. Sohaib,&nbsp; L. G\u00f3mez-Coma, J. Albo, S. Bruon-Bocquet, A. Irabien, Y. Mohammad, J. S\u00e1nchez-Marcano. <strong>Mathematical modeling of CO2 absorption with ionic liquids in a membrane contactor, study of absorption kinetics and influence of temperature<\/strong>. Journal of Chemical Technology and Biotechnology 95 (7), 1844-1857, 2020.<\/p>\n\n\n\n<p>C. Sol\u00e1-Guti\u00e9rrez, S. Schr\u00f6der, M.F. San Rom\u00e1n, I. Ortiz. <strong>Critical review on the mechanistic photolytic and photocatalytic degradation of <\/strong><strong>triclosan<\/strong>. Journal of Environmental Management 260, 110101, 2020.<\/p>\n\n\n\n<p>F.C. Teixeira, A.I. de S\u00e1, A.P.S. Teixeira, V.M. Ortiz-Mart\u00ednez, A. Ortiz, I. Ortiz, C.M. Rangel. <strong>New modified Nafion-bisphosphonic acid composite membranes for enhanced proton conductivity and PEMFC performance<\/strong>. International Journal of Hydrogen Energy. Article in press. 2020.<\/p>\n\n\n\n<p>C. Trist\u00e1n, M. Rumayor, A. Dom\u00ednguez-Ramos, M. Fallanza, R. Ib\u00e1\u00f1ez, I. Ortiz. <strong>Life cycle assessment of salinity gradient energy recovery by reverse electrodialysis in a seawater reverse osmosis desalination plant.<\/strong> Sustainable Energy &amp; Fuels 4(8), 4273\u20134284, 2020.<\/p>\n\n\n\n<p>C. Trist\u00e1n, M. Fallanza, R. Ib\u00e1\u00f1ez, I. Ortiz. <strong>Recovery of salinity gradient energy in desalination plants by reverse <\/strong><strong>electrodialysis<\/strong>. Desalination 496, 114699. 2020.<\/p>\n\n\n\n<p>C. Trist\u00e1n, M. Fallanza, R. Ib\u00e1\u00f1ez, I. Ortiz. <strong>Reverse <\/strong><strong>electrodialysis<\/strong><strong>: Potential reduction in energy and emissions of <\/strong><strong>desalination<\/strong>. Applied Sciences 10(20), 1-21, 7317. 2020.<\/p>\n\n\n\n<p>M. Y\u00e1\u00f1ez, F. Relvas, A. Ortiz, D. Gorri, A. Mendes, I. Ortiz. <strong>PSA purification of waste hydrogen from ammonia plants to fuel cell grade<\/strong>. Separation and Purification Technology 240, 116334, 2020.<\/p>\n\n\n\n<p>M. Y\u00e1\u00f1ez, A. Ortiz, D. Gorri, I. Ortiz. <strong>Comparative performance of commercial polymeric membranes in the recovery of industrial hydrogen waste gas streams<\/strong>. International Journal of Hydrogen Energy. Article in press. https:\/\/doi.org\/10.1016\/j.ijhydene.2020.04.026. 2020.<\/p>\n","protected":false},"excerpt":{"rendered":"<p>R. Abej\u00f3n, A. Fern\u00e1ndez-Rios, A. Dom\u00ednguez-Ramos, J. Laso, I. Ruiz-Salm\u00f3n, M. Y\u00e1\u00f1ez, A. Ortiz, D. Gorri, N. Donzel, D. Jones, &hellip; <\/p>\n<p><a href=\"https:\/\/grupos.unican.es\/pasep\/publications-2020\/\" class=\"more-link\">Leer m\u00e1s<\/a><\/p>\n","protected":false},"author":2,"featured_media":0,"parent":0,"menu_order":0,"comment_status":"closed","ping_status":"closed","template":"","meta":{"footnotes":""},"class_list":["post-2002","page","type-page","status-publish","hentry"],"_links":{"self":[{"href":"https:\/\/grupos.unican.es\/pasep\/wp-json\/wp\/v2\/pages\/2002","targetHints":{"allow":["GET"]}}],"collection":[{"href":"https:\/\/grupos.unican.es\/pasep\/wp-json\/wp\/v2\/pages"}],"about":[{"href":"https:\/\/grupos.unican.es\/pasep\/wp-json\/wp\/v2\/types\/page"}],"author":[{"embeddable":true,"href":"https:\/\/grupos.unican.es\/pasep\/wp-json\/wp\/v2\/users\/2"}],"replies":[{"embeddable":true,"href":"https:\/\/grupos.unican.es\/pasep\/wp-json\/wp\/v2\/comments?post=2002"}],"version-history":[{"count":7,"href":"https:\/\/grupos.unican.es\/pasep\/wp-json\/wp\/v2\/pages\/2002\/revisions"}],"predecessor-version":[{"id":2592,"href":"https:\/\/grupos.unican.es\/pasep\/wp-json\/wp\/v2\/pages\/2002\/revisions\/2592"}],"wp:attachment":[{"href":"https:\/\/grupos.unican.es\/pasep\/wp-json\/wp\/v2\/media?parent=2002"}],"curies":[{"name":"wp","href":"https:\/\/api.w.org\/{rel}","templated":true}]}}