{"id":2593,"date":"2021-02-02T15:43:55","date_gmt":"2021-02-02T15:43:55","guid":{"rendered":"https:\/\/grupos.unican.es\/pasep\/?page_id=2593"},"modified":"2024-07-04T10:23:46","modified_gmt":"2024-07-04T10:23:46","slug":"publications-2021","status":"publish","type":"page","link":"https:\/\/grupos.unican.es\/pasep\/publications-2021\/","title":{"rendered":"PUBLICATIONS 2021"},"content":{"rendered":"\n<p>G. P\u00e9rez, P. G\u00f3mez, I. Ortiz, A. Urtiaga. <strong>Techno-economic assessment of a membrane-based wastewater reclamation process<\/strong>. Desalination 522, 115409, 2022.<\/p>\n\n\n\n<p>C. Arregoitia-Sarabia, D. Gonz\u00e1lez-Revuelta, M. Fallanza, A. Ortiz, D. Gorri. <strong>PolyetherBlock-Amide Thin-Film Composite Hollow Fiber Membranes for the Recovery of Butanol from ABE Process by Pervaporation<\/strong>. Separation and Purification Technology 279, 119758, 2021.<\/p>\n\n\n\n<p>J. Corredor, M.J. Rivero, I. Ortiz. <strong>New insights in the performance and reuse of rGO\/TiO2 composites for the photocatalytic hydrogen production.<\/strong>\u00a0 International Journal of Hydrogen Energy, 46(33), 17500-17506, 2021.<\/p>\n\n\n\n<p>C Gonz\u00e1lez-Fern\u00e1ndez, A. Basauri, M. Fallanza, E. Bringas, C. Oostenbrink, I. Ortiz. <strong>Fighting against bacterial Lipopolysaccharide-caused infections through molecular dynamics simulations: a review. <\/strong>Journal of Chemical Information and Modeling, 61(10), 4839-4851, 2021.<\/p>\n\n\n\n<p>C. Gonz\u00e1lez-Fern\u00e1ndez, J. G\u00f3mez-Pastora, E. Bringas, M. Zborowski, J.J. Chalmers, I. Ortiz. <strong>Recovery of magnetic catalysts: advanced design for process intensification. <\/strong>Industrial &amp; Engineering Chemistry Research, 60(46), 16780-16790, 2021.<\/p>\n\n\n\n<p>C. Guati, L. G\u00f3mez-Coma, M. Fallanza, I. Ortiz. <strong>Non-enzymatic amperometric glucose screen-printed sensors based on copper and copper oxide particles. <\/strong>Applied Sciences, 11(22), 10830, 2021.<\/p>\n\n\n\n<p>R. Ortiz-Imedio, A. Ortiz, I. Ortiz. <strong>Comprehensive analysis of the combustion of low carbon fuels (hydrogen, methane and coke oven gas) in a spark ignition engine through CFD modeling. <\/strong>Energy Conversion and Management 251, 114918, 2022.<\/p>\n\n\n\n<p>V.M. Maestre, A. Ortiz, I. Ortiz. <strong>Challenges and prospects of renewable hydrogen-based strategies for full decarbonization of stationary power applications. <\/strong>Renewable and Sustainable Energy Reviews 152, 111628, 2021.<\/p>\n\n\n\n<p>V.M. Maestre, A. Ortiz, I. Ortiz. <strong>The role of hydrogen-based power systems in the energy transition of the residential sector. <\/strong>Journal of Chemical Technology and Biotechnology,&nbsp;2021.<\/p>\n\n\n\n<p>A. Basauri, M. Fallanza, L. Giner-Robles, R. Fern\u00e1ndez-Lopez, G. Moncali\u00e1n, F. de la Cruz, I. Ortiz. <strong>Integrated strategy for the separation of endotoxins from biofluids. LPS capture on newly synthesized protein<\/strong>. Separation and Purification Technology 255, 117689. 2021.<\/p>\n\n\n\n<p>J. Corredor, D. Harnkahage, F. Gloaguen, M.J. Rivero, M. Zamkov, I. Ortiz. <strong>Influence of QD photosensitizers in the photocatalytic production of hydrogen with biomimetic [<\/strong><strong>FeFe<\/strong><strong>]-hydrogenase. Comparative performance of <\/strong><strong>CdSe<\/strong><strong> and <\/strong><strong>CdTe<\/strong>. Chemosphere 278, 130485, 2021.<\/p>\n\n\n\n<p>G. D\u00edaz-Sainz, G. P\u00e9rez, L. G\u00f3mez-Coma, V.M. Ortiz-Mart\u00ednez, A. Dom\u00ednguez-Ramos, R. Ib\u00e1\u00f1ez, M.J. Rivero<strong>. Mobile learning in chemical engineering: An outlook based on case <\/strong><strong>studies.<\/strong> Education for Chemical Engineers 35, 132-145, 2021.<\/p>\n\n\n\n<p>F. Fresno, O. Iglesias, E. Alfonso-Gonz\u00e1lez, M.J: Rivero, I. Ortiz. V. A. de la Pe\u00f1a O\u00b4Shea. <strong>Assessing the feasibility of reduced graphene oxide as an electronic promoter for photocatalytic hydrogen production over <\/strong><strong>Nb<\/strong><strong>-Ta perovskite <\/strong><strong>photocatalysts<\/strong>. Catalysis Today 362, 22-27, 2021.<\/p>\n\n\n\n<p>B. Garc\u00eda-Merino, E. Bringas, I. Ortiz. <strong>Synthesis and applications of surface-modified magnetic nanoparticles: Progress and future prospects. <\/strong>Reviews in Chemical Engineering. Article in press. 2021.<\/p>\n\n\n\n<p>R. Ortiz-Imedio, A. Ortiz., J.C. Urroz, P.M. Di\u00e9guez, D. Gorri, L.M. Gand\u00eda, I. Ortiz. <strong>Comparative performance of coke oven gas, hydrogen and methane in a spark ignition engine<\/strong>. International Journal of Hydrogen Energy. 46 (33), 17572-17586, 2021.<\/p>\n\n\n\n<p>R. Ortiz-Imedio, D.G. Caglayan, A.Ortiz, H. Heinrichs, M. Robinius, D. Stolten, I. Ortiz. <strong>Power-to-ships: Future electricity and hydrogen <\/strong><strong>demans<\/strong><strong> for shipping on the Atlantic coast of Europe in 2050<\/strong>. Energy 228, 120660, 2021.<\/p>\n\n\n\n<p>L. Ranca\u00f1o, M.J. Rivero, M.A. Mueses, I. Ortiz. <strong>Comprehensive kinetics of the photocatalytic degradation of emerging pollutants in a led-assisted <\/strong><strong>photoreactor<\/strong><strong>. S-<\/strong><strong>metolachlor<\/strong><strong> as case <\/strong><strong>study<\/strong>. Catalysts 11(1), 1-13, 2021.<\/p>\n\n\n\n<p>S. Schr\u00f6der, M.F. San Rom\u00e1n, I. Ortiz. <strong>Dioxins and furans during the photocatalytic remediation of emerging pollutants. Triclosan as a case study<\/strong>. Science of the Total Environment 770, 144853, 2021.<\/p>\n\n\n\n<p>F.C. Teixeira, A.I. de S\u00e1, A.P.S. Teixeira, V.M. Ortiz-Mart\u00ednez, A. Ortiz, I. Ortiz, C.M. Rangel. <strong>New modified <\/strong><strong>Nafion-bisphosphonic<\/strong><strong> acid composite membranes for enhanced proton conductivity and PEMFC performance<\/strong>. International Journal of Hydrogen Energy 46(33) 17562-17571, 2021.<\/p>\n\n\n\n<p>M. Y\u00e1\u00f1ez, A. Ortiz, D. Gorri, I. Ortiz. <strong>Comparative performance of commercial polymeric membranes in the recovery of industrial hydrogen waste gas streams<\/strong>. International Journal of Hydrogen Energy 46(33) 17507-17521, 2021.<\/p>\n","protected":false},"excerpt":{"rendered":"<p>G. P\u00e9rez, P. G\u00f3mez, I. Ortiz, A. Urtiaga. Techno-economic assessment of a membrane-based wastewater reclamation process. Desalination 522, 115409, 2022. &hellip; <\/p>\n<p><a href=\"https:\/\/grupos.unican.es\/pasep\/publications-2021\/\" class=\"more-link\">Leer m\u00e1s<\/a><\/p>\n","protected":false},"author":2,"featured_media":0,"parent":0,"menu_order":0,"comment_status":"closed","ping_status":"closed","template":"","meta":{"footnotes":""},"class_list":["post-2593","page","type-page","status-publish","hentry"],"_links":{"self":[{"href":"https:\/\/grupos.unican.es\/pasep\/wp-json\/wp\/v2\/pages\/2593","targetHints":{"allow":["GET"]}}],"collection":[{"href":"https:\/\/grupos.unican.es\/pasep\/wp-json\/wp\/v2\/pages"}],"about":[{"href":"https:\/\/grupos.unican.es\/pasep\/wp-json\/wp\/v2\/types\/page"}],"author":[{"embeddable":true,"href":"https:\/\/grupos.unican.es\/pasep\/wp-json\/wp\/v2\/users\/2"}],"replies":[{"embeddable":true,"href":"https:\/\/grupos.unican.es\/pasep\/wp-json\/wp\/v2\/comments?post=2593"}],"version-history":[{"count":4,"href":"https:\/\/grupos.unican.es\/pasep\/wp-json\/wp\/v2\/pages\/2593\/revisions"}],"predecessor-version":[{"id":2984,"href":"https:\/\/grupos.unican.es\/pasep\/wp-json\/wp\/v2\/pages\/2593\/revisions\/2984"}],"wp:attachment":[{"href":"https:\/\/grupos.unican.es\/pasep\/wp-json\/wp\/v2\/media?parent=2593"}],"curies":[{"name":"wp","href":"https:\/\/api.w.org\/{rel}","templated":true}]}}