{"id":2991,"date":"2024-07-04T10:46:22","date_gmt":"2024-07-04T10:46:22","guid":{"rendered":"https:\/\/grupos.unican.es\/pasep\/?page_id=2991"},"modified":"2024-07-04T11:08:08","modified_gmt":"2024-07-04T11:08:08","slug":"publications-2024","status":"publish","type":"page","link":"https:\/\/grupos.unican.es\/pasep\/publications-2024\/","title":{"rendered":"PUBLICATIONS 2024"},"content":{"rendered":"\n<p>C. Barqu\u00edn, M.J. Rivero, I. Ortiz. <strong>Photodegradation kinetics and halogens release of the emerging concern pollutants dexamethasone and S-metolachlor on TiO2\/rGO composites<\/strong>. Chemosphere, 349, 140806, 2024.<\/p>\n\n\n\n<p>C. Fern\u00e1ndez-Maza, G. Gonz\u00e1lez-Lav\u00edn, L. G\u00f3mez-Coma, M. Fallanza, I. Ortiz. <strong>High performance flow-focusing droplet microreactor. Extractive separation of rare earths as case of study. <\/strong>Chemical Engineering Journal, 486, 150136, 2024.<\/p>\n\n\n\n<p>C. Gonz\u00e1lez-Fernandez, G. D\u00edaz-Sainz, A. Guti\u00e9rrez-Caballero, E. Bringas, I. Ortiz, G.G. Botte, J. G\u00f3mez-Pastora. <strong>Perspectives of Magnetically Enhanced Electroconversion of CO2 to Formic Acid and Formate.<\/strong> ACS Sustainable Chemistry &amp; Engineering, 12 (9), 3390-3401, 2024.<\/p>\n\n\n\n<p>G. Gonz\u00e1lez-Lav\u00edn, B. Garc\u00eda-Merino, C. Fern\u00e1ndez-Maza, E. Bringas, L. G\u00f3mez-Coma, M. Fallanza, I. Ortiz. <strong>Tailored Euler-Lagrange modelling of microfluidic Solid\/Liquid reactive separations<\/strong>. Chemical Engineering Journal, 153393, 2024.<\/p>\n\n\n\n<p>C. Guati, L. Gomez-Coma, M. Fallanza, I. Ortiz. <strong>Progress on the influence of non-enzymatic electrodes characteristics on the response to glucose detection: a review (2016\u20132022).<\/strong> Reviews in Chemical Engineering, 40(1), 123-148, 2024.<\/p>\n\n\n\n<p>G. Moral, A. Ortiz, D. Gorri, I. Ortiz. <strong>Hydrogen recovery from industrial waste streams using Matrimid\u00ae\/ZIF mixed matrix membranes<\/strong>, International Journal of Hydrogen Energy. 51, 210-224, 2024.<\/p>\n\n\n\n<p>V.M. Maestre, A. Ortiz, I. Ortiz.<strong> Sustainable and self-sufficient social home through a combined PV\u2011hydrogen pilot<\/strong>. Applied Energy, 363, 123061, 2024.<\/p>\n\n\n\n<p>D. Pelayo, A. Hern\u00e1ndez-Pell\u00f3n, G. Santos, M. Rumayor, I. Ortiz, M.J. Rivero. <strong>Performance of high-efficiency UV-C LEDs in water disinfection: Experimental, life cycle assessment, and economic analysis of different operational scenarios. <\/strong>Journal of environmental management, 364, 121442, 2024.<\/p>\n\n\n\n<p>D. Pelayo, E. P\u00e9rez-Pe\u00f1a, M.J. Rivero, I. Ortiz. <strong>Shedding light on the photocatalytic hydrogen generation from seawater using CdS. <\/strong>Catalysis Today, 433, 114672, 2024.<\/p>\n\n\n\n<p>T. Sampedro, L. G\u00f3mez-Coma, I. Ortiz, R. Iba\u00f1ez. <strong>Unlocking energy potential: Decarbonizing water reclamation plants with salinity gradient energy recovery<\/strong>. Science of The Total Environment, 906, 167154, 2024.<\/p>\n\n\n\n<p>S. Schr\u00f6der, I. Ortiz, M.F. San-Rom\u00e1n. <strong>Electrochemical degradation of key drugs to treat COVID-19: Experimental analysis of the toxic by-products formation (PCDD\/Fs)<\/strong>. Science of the Total Environment, 906, 167660, 2024.<\/p>\n","protected":false},"excerpt":{"rendered":"<p>C. Barqu\u00edn, M.J. Rivero, I. Ortiz. Photodegradation kinetics and halogens release of the emerging concern pollutants dexamethasone and S-metolachlor on &hellip; <\/p>\n<p><a href=\"https:\/\/grupos.unican.es\/pasep\/publications-2024\/\" class=\"more-link\">Leer m\u00e1s<\/a><\/p>\n","protected":false},"author":2,"featured_media":0,"parent":0,"menu_order":0,"comment_status":"closed","ping_status":"closed","template":"","meta":{"footnotes":""},"class_list":["post-2991","page","type-page","status-publish","hentry"],"_links":{"self":[{"href":"https:\/\/grupos.unican.es\/pasep\/wp-json\/wp\/v2\/pages\/2991","targetHints":{"allow":["GET"]}}],"collection":[{"href":"https:\/\/grupos.unican.es\/pasep\/wp-json\/wp\/v2\/pages"}],"about":[{"href":"https:\/\/grupos.unican.es\/pasep\/wp-json\/wp\/v2\/types\/page"}],"author":[{"embeddable":true,"href":"https:\/\/grupos.unican.es\/pasep\/wp-json\/wp\/v2\/users\/2"}],"replies":[{"embeddable":true,"href":"https:\/\/grupos.unican.es\/pasep\/wp-json\/wp\/v2\/comments?post=2991"}],"version-history":[{"count":1,"href":"https:\/\/grupos.unican.es\/pasep\/wp-json\/wp\/v2\/pages\/2991\/revisions"}],"predecessor-version":[{"id":2992,"href":"https:\/\/grupos.unican.es\/pasep\/wp-json\/wp\/v2\/pages\/2991\/revisions\/2992"}],"wp:attachment":[{"href":"https:\/\/grupos.unican.es\/pasep\/wp-json\/wp\/v2\/media?parent=2991"}],"curies":[{"name":"wp","href":"https:\/\/api.w.org\/{rel}","templated":true}]}}